{"id":6441,"date":"2018-02-22T15:40:39","date_gmt":"2018-02-22T15:40:39","guid":{"rendered":"http:\/\/artesgraficasmodernas.com.ar\/?page_id=6441"},"modified":"2018-05-18T17:22:00","modified_gmt":"2018-05-18T17:22:00","slug":"productos-especiales","status":"publish","type":"page","link":"http:\/\/artesgraficasmodernas.com.ar\/index.php\/productos-especiales\/","title":{"rendered":"Productos Especiales"},"content":{"rendered":"<p>[vc_row background_color=&#8221;#dd3333&#8243; padding_bottom=&#8221;&#8221;][vc_column width=&#8221;1\/4&#8243;][\/vc_column][vc_column width=&#8221;1\/2&#8243;][vc_empty_space height=&#8221;20px&#8221;][vc_custom_heading text=&#8221;DIVISI\u00d3N GR\u00c1FICA&#8221; font_container=&#8221;tag:h2|font_size:30|text_align:center|color:%23ffffff&#8221; use_theme_fonts=&#8221;yes&#8221;]<div class=\"sep-wrap element-animate element-animate-false center nz-clearfix\" data-effect=\"none\"><div class=\"nz-separator solid\" style=\"border-bottom-color:#5ba9df;width:50px;border-bottom-width:1px;border-bottom-style:solid;margin-top:15px;margin-bottom:2px;\">&nbsp;<\/div><\/div><div class=\"sep-wrap element-animate element-animate-false center nz-clearfix\" data-effect=\"none\"><div class=\"nz-separator solid\" style=\"border-bottom-color:#54dc64;width:100px;border-bottom-width:1px;border-bottom-style:solid;margin-bottom:2px;\">&nbsp;<\/div><\/div><div class=\"sep-wrap element-animate element-animate-false center nz-clearfix\" data-effect=\"none\"><div class=\"nz-separator solid\" style=\"border-bottom-color:#ffc000;width:50px;border-bottom-width:1px;border-bottom-style:solid;margin-bottom:20px;\">&nbsp;<\/div><\/div>[\/vc_column][vc_column width=&#8221;1\/4&#8243;][vc_empty_space height=&#8221;30px&#8221;][vc_btn title=&#8221;VOLVER&#8221; style=&#8221;outline-custom&#8221; outline_custom_color=&#8221;#ffffff&#8221; outline_custom_hover_background=&#8221;#e2e2e2&#8243; outline_custom_hover_text=&#8221;#ffffff&#8221; shape=&#8221;square&#8221; size=&#8221;xs&#8221; i_align=&#8221;right&#8221; i_icon_fontawesome=&#8221;fa fa-share&#8221; add_icon=&#8221;true&#8221; link=&#8221;url:http%3A%2F%2Fartesgraficasmodernas.com.ar%2Findex.php%2Fproduc-grafica%2F|||&#8221;][\/vc_column][\/vc_row][vc_row padding_top=&#8221;50&#8243; padding_bottom=&#8221;0&#8243;][vc_column width=&#8221;1\/3&#8243;][vc_empty_space height=&#8221;64px&#8221;][vc_single_image image=&#8221;6420&#8243; img_size=&#8221;medium&#8221; alignment=&#8221;center&#8221;][vc_column_text]<span style=\"color: #000000;\">AGM desarrolla etiquetas para satisfacer las diferentes necesidades del mercado, m\u00e1s all\u00e1 de decorar el envase y comunicar informaci\u00f3n acerca del producto.<\/span><\/p>\n<p>Buscamos agregar valor a los productos de nuestros clientes a trav\u00e9s de sus empaques, apostando a la funcionalidad de los mismos.[\/vc_column_text][\/vc_column][vc_column width=&#8221;2\/3&#8243;][vc_column_text]<img loading=\"lazy\" decoding=\"async\" class=\"aligncenter wp-image-6419\" src=\"http:\/\/artesgraficasmodernas.com.ar\/wp-content\/uploads\/2018\/02\/Imagen-Especiales-general.png\" alt=\"\" width=\"800\" height=\"509\" srcset=\"http:\/\/artesgraficasmodernas.com.ar\/wp-content\/uploads\/2018\/02\/Imagen-Especiales-general.png 1000w, http:\/\/artesgraficasmodernas.com.ar\/wp-content\/uploads\/2018\/02\/Imagen-Especiales-general-300x191.png 300w, http:\/\/artesgraficasmodernas.com.ar\/wp-content\/uploads\/2018\/02\/Imagen-Especiales-general-768x488.png 768w, http:\/\/artesgraficasmodernas.com.ar\/wp-content\/uploads\/2018\/02\/Imagen-Especiales-general-600x382.png 600w\" sizes=\"auto, (max-width: 800px) 100vw, 800px\" \/>[\/vc_column_text][\/vc_column][\/vc_row][vc_row background_color=&#8221;#cc0000&#8243; padding_top=&#8221;0&#8243; padding_bottom=&#8221;0&#8243;][vc_column][vc_empty_space][vc_column_text]<\/p>\n<h3 style=\"text-align: left; color: #ffffff;\">Galer\u00eda de etiquetas especiales<\/h3>\n<p>[\/vc_column_text][vc_empty_space height=&#8221;5px&#8221;][\/vc_column][\/vc_row][vc_row][vc_column][\/vc_column][\/vc_row][vc_row padding_top=&#8221;0&#8243; padding_bottom=&#8221;0&#8243;][vc_column][vc_row_inner gap=&#8221;30&#8243;][vc_column_inner width=&#8221;1\/4&#8243;][vc_column_text]<a href=\"http:\/\/artesgraficasmodernas.com.ar\/wp-content\/uploads\/2018\/02\/Etiqueta-con-tinta-Braille-2.jpg\"><img loading=\"lazy\" decoding=\"async\" class=\"aligncenter wp-image-6413 size-thumbnail\" src=\"http:\/\/artesgraficasmodernas.com.ar\/wp-content\/uploads\/2018\/02\/Etiqueta-con-tinta-Braille-detalle-2-150x150.jpg\" alt=\"Efecto t\u00e1ctil, con el fin de contribuir a la lectura de las personas no videntes. La aplicaci\u00f3n de tecnolog\u00eda para la producci\u00f3n de etiquetas braille permite una comunicaci\u00f3n responsable e inclusiva.\" width=\"150\" height=\"150\" srcset=\"http:\/\/artesgraficasmodernas.com.ar\/wp-content\/uploads\/2018\/02\/Etiqueta-con-tinta-Braille-detalle-2-150x150.jpg 150w, http:\/\/artesgraficasmodernas.com.ar\/wp-content\/uploads\/2018\/02\/Etiqueta-con-tinta-Braille-detalle-2-100x100.jpg 100w, http:\/\/artesgraficasmodernas.com.ar\/wp-content\/uploads\/2018\/02\/Etiqueta-con-tinta-Braille-detalle-2.jpg 200w\" sizes=\"auto, (max-width: 150px) 100vw, 150px\" \/><\/a>[\/vc_column_text][vc_empty_space height=&#8221;10px&#8221;][vc_column_text]<\/p>\n<p style=\"text-align: center;\"><span style=\"font-size: 12px;\">TINTA BRAILLE<\/span><\/p>\n<p>[\/vc_column_text][\/vc_column_inner][vc_column_inner width=&#8221;1\/4&#8243;][vc_column_text]<a href=\"http:\/\/artesgraficasmodernas.com.ar\/wp-content\/uploads\/2018\/02\/Etiqueta-Papel-Craff.jpg\"><img loading=\"lazy\" decoding=\"async\" class=\"aligncenter wp-image-6415 size-thumbnail\" src=\"http:\/\/artesgraficasmodernas.com.ar\/wp-content\/uploads\/2018\/02\/Etiqueta-Papel-Craff-detalle-150x150.jpg\" alt=\"Etiqueta especial, que envuelve todo el producto, con adhesivo sectorizado y que permite tener una parte de la misma para envolver y abrir el producto de una manera y con estilo r\u00fastico.\" width=\"150\" height=\"150\" srcset=\"http:\/\/artesgraficasmodernas.com.ar\/wp-content\/uploads\/2018\/02\/Etiqueta-Papel-Craff-detalle-150x150.jpg 150w, http:\/\/artesgraficasmodernas.com.ar\/wp-content\/uploads\/2018\/02\/Etiqueta-Papel-Craff-detalle-100x100.jpg 100w, http:\/\/artesgraficasmodernas.com.ar\/wp-content\/uploads\/2018\/02\/Etiqueta-Papel-Craff-detalle.jpg 200w\" sizes=\"auto, (max-width: 150px) 100vw, 150px\" \/><\/a>[\/vc_column_text][vc_empty_space height=&#8221;10px&#8221;][vc_column_text]<\/p>\n<p style=\"text-align: center;\"><span style=\"font-size: 12px;\">ET. AUTOADHESIVA PAPEL KRAFF<\/span><\/p>\n<p>[\/vc_column_text][\/vc_column_inner][vc_column_inner width=&#8221;1\/4&#8243;][vc_column_text]<a href=\"http:\/\/artesgraficasmodernas.com.ar\/wp-content\/uploads\/2018\/02\/ZAPPYdispenser-1.jpg\"><img loading=\"lazy\" decoding=\"async\" class=\"aligncenter wp-image-6423 size-thumbnail\" src=\"http:\/\/artesgraficasmodernas.com.ar\/wp-content\/uploads\/2018\/02\/ZAPPYdispenser-detalle-1-150x150.jpg\" alt=\"Etiqueta removible, que permite abrir y cerrar reiteradas veces un empaque.\" width=\"150\" height=\"150\" srcset=\"http:\/\/artesgraficasmodernas.com.ar\/wp-content\/uploads\/2018\/02\/ZAPPYdispenser-detalle-1-150x150.jpg 150w, http:\/\/artesgraficasmodernas.com.ar\/wp-content\/uploads\/2018\/02\/ZAPPYdispenser-detalle-1-100x100.jpg 100w, http:\/\/artesgraficasmodernas.com.ar\/wp-content\/uploads\/2018\/02\/ZAPPYdispenser-detalle-1.jpg 200w\" sizes=\"auto, (max-width: 150px) 100vw, 150px\" \/><\/a>[\/vc_column_text][vc_empty_space height=&#8221;10px&#8221;][vc_column_text]<\/p>\n<p style=\"text-align: center;\"><span style=\"font-size: 12px;\">ZAPPYdispenser<\/span><\/p>\n<p>[\/vc_column_text][\/vc_column_inner][vc_column_inner width=&#8221;1\/4&#8243;][vc_column_text]<a href=\"http:\/\/artesgraficasmodernas.com.ar\/wp-content\/uploads\/2018\/02\/ZAPPYexpress-1.jpg\"><img loading=\"lazy\" decoding=\"async\" class=\"aligncenter wp-image-6425 size-thumbnail\" src=\"http:\/\/artesgraficasmodernas.com.ar\/wp-content\/uploads\/2018\/02\/ZAPPYexpress-detalle-1-150x150.jpg\" alt=\"Etiqueta que funciona como v\u00e1lvula desgasificadora , ideal para empaques de caf\u00e9.\" width=\"150\" height=\"150\" srcset=\"http:\/\/artesgraficasmodernas.com.ar\/wp-content\/uploads\/2018\/02\/ZAPPYexpress-detalle-1-150x150.jpg 150w, http:\/\/artesgraficasmodernas.com.ar\/wp-content\/uploads\/2018\/02\/ZAPPYexpress-detalle-1-100x100.jpg 100w, http:\/\/artesgraficasmodernas.com.ar\/wp-content\/uploads\/2018\/02\/ZAPPYexpress-detalle-1.jpg 200w\" sizes=\"auto, (max-width: 150px) 100vw, 150px\" \/><\/a>[\/vc_column_text][vc_empty_space height=&#8221;10px&#8221;][vc_column_text]<\/p>\n<p style=\"text-align: center;\"><span style=\"font-size: 12px;\">ZAPPYexpress<\/span><\/p>\n<p>[\/vc_column_text][\/vc_column_inner][\/vc_row_inner][vc_row_inner gap=&#8221;30&#8243;][vc_column_inner width=&#8221;1\/4&#8243;][vc_column_text]<a href=\"http:\/\/artesgraficasmodernas.com.ar\/wp-content\/uploads\/2018\/02\/ZAPPYfresh.jpg\"><img loading=\"lazy\" decoding=\"async\" class=\"aligncenter wp-image-6428 size-thumbnail\" src=\"http:\/\/artesgraficasmodernas.com.ar\/wp-content\/uploads\/2018\/02\/ZAPPYfresh-detalle-150x150.jpg\" alt=\"ZAPPYfresh Etiqueta que permite a los consumidores seguir utilizando los envoltorios, al abrir y cerrar cuantas veces sea necesario.\" width=\"150\" height=\"150\" srcset=\"http:\/\/artesgraficasmodernas.com.ar\/wp-content\/uploads\/2018\/02\/ZAPPYfresh-detalle-150x150.jpg 150w, http:\/\/artesgraficasmodernas.com.ar\/wp-content\/uploads\/2018\/02\/ZAPPYfresh-detalle-100x100.jpg 100w, http:\/\/artesgraficasmodernas.com.ar\/wp-content\/uploads\/2018\/02\/ZAPPYfresh-detalle.jpg 200w\" sizes=\"auto, (max-width: 150px) 100vw, 150px\" \/><\/a>[\/vc_column_text][vc_empty_space height=&#8221;10px&#8221;][vc_column_text]<\/p>\n<p style=\"text-align: center;\"><span style=\"font-size: 12px;\">ZAPPYfresh<\/span><\/p>\n<p>[\/vc_column_text][\/vc_column_inner][vc_column_inner width=&#8221;1\/4&#8243;][vc_column_text]<a href=\"http:\/\/artesgraficasmodernas.com.ar\/wp-content\/uploads\/2018\/02\/ZAPPYhang-1.jpg\"><img loading=\"lazy\" decoding=\"async\" class=\"aligncenter wp-image-6432 size-thumbnail\" src=\"http:\/\/artesgraficasmodernas.com.ar\/wp-content\/uploads\/2018\/02\/ZAPPYhang-detalle-1-150x150.jpg\" alt=\"ZAPPYhang Etiqueta Colgante\" width=\"150\" height=\"150\" srcset=\"http:\/\/artesgraficasmodernas.com.ar\/wp-content\/uploads\/2018\/02\/ZAPPYhang-detalle-1-150x150.jpg 150w, http:\/\/artesgraficasmodernas.com.ar\/wp-content\/uploads\/2018\/02\/ZAPPYhang-detalle-1-100x100.jpg 100w, http:\/\/artesgraficasmodernas.com.ar\/wp-content\/uploads\/2018\/02\/ZAPPYhang-detalle-1.jpg 200w\" sizes=\"auto, (max-width: 150px) 100vw, 150px\" \/><\/a>[\/vc_column_text][vc_empty_space height=&#8221;10px&#8221;][vc_column_text]<\/p>\n<p style=\"text-align: center;\"><span style=\"font-size: 12px;\">ZAPPYhang<\/span><\/p>\n<p>[\/vc_column_text][\/vc_column_inner][vc_column_inner width=&#8221;1\/4&#8243;][vc_column_text]<a href=\"http:\/\/artesgraficasmodernas.com.ar\/wp-content\/uploads\/2018\/02\/ZAPPYpage-1.jpg\"><img loading=\"lazy\" decoding=\"async\" class=\"aligncenter wp-image-6434 size-thumbnail\" src=\"http:\/\/artesgraficasmodernas.com.ar\/wp-content\/uploads\/2018\/02\/ZAPPYpage-detalle-1-150x150.jpg\" alt=\"ZAPPYpage Etiqueta de doble pel\u00edcula, que permite ampliar la informaci\u00f3n.\" width=\"150\" height=\"150\" srcset=\"http:\/\/artesgraficasmodernas.com.ar\/wp-content\/uploads\/2018\/02\/ZAPPYpage-detalle-1-150x150.jpg 150w, http:\/\/artesgraficasmodernas.com.ar\/wp-content\/uploads\/2018\/02\/ZAPPYpage-detalle-1-100x100.jpg 100w, http:\/\/artesgraficasmodernas.com.ar\/wp-content\/uploads\/2018\/02\/ZAPPYpage-detalle-1.jpg 200w\" sizes=\"auto, (max-width: 150px) 100vw, 150px\" \/><\/a>[\/vc_column_text][vc_empty_space height=&#8221;10px&#8221;][vc_column_text]<\/p>\n<p style=\"text-align: center;\"><span style=\"font-size: 12px;\">ZAPPYpage<\/span><\/p>\n<p>[\/vc_column_text][\/vc_column_inner][vc_column_inner width=&#8221;1\/4&#8243;][vc_column_text]<a href=\"http:\/\/artesgraficasmodernas.com.ar\/wp-content\/uploads\/2018\/02\/ZAPPYbol-1.jpg\"><img loading=\"lazy\" decoding=\"async\" class=\"aligncenter wp-image-6421 size-thumbnail\" src=\"http:\/\/artesgraficasmodernas.com.ar\/wp-content\/uploads\/2018\/02\/ZAPPYbol-detalle-1-150x150.jpg\" alt=\"ZAPPYbol Banda exhibidora.\" width=\"150\" height=\"150\" srcset=\"http:\/\/artesgraficasmodernas.com.ar\/wp-content\/uploads\/2018\/02\/ZAPPYbol-detalle-1-150x150.jpg 150w, http:\/\/artesgraficasmodernas.com.ar\/wp-content\/uploads\/2018\/02\/ZAPPYbol-detalle-1-100x100.jpg 100w, http:\/\/artesgraficasmodernas.com.ar\/wp-content\/uploads\/2018\/02\/ZAPPYbol-detalle-1.jpg 200w\" sizes=\"auto, (max-width: 150px) 100vw, 150px\" \/><\/a>[\/vc_column_text][vc_empty_space height=&#8221;10px&#8221;][vc_column_text]<\/p>\n<p style=\"text-align: center;\"><span style=\"font-size: 12px;\">ZAPPYbol<\/span><\/p>\n<p>[\/vc_column_text][\/vc_column_inner][\/vc_row_inner][vc_row_inner gap=&#8221;30&#8243;][vc_column_inner width=&#8221;1\/4&#8243;][vc_column_text]<a href=\"http:\/\/artesgraficasmodernas.com.ar\/wp-content\/uploads\/2018\/02\/Etiqueta-para-pico-vertedor-1.jpg\"><img loading=\"lazy\" decoding=\"async\" class=\"aligncenter wp-image-6417 size-thumbnail\" src=\"http:\/\/artesgraficasmodernas.com.ar\/wp-content\/uploads\/2018\/02\/Etiqueta-para-pico-vertedor-detalle-1-150x150.jpg\" alt=\"Etiqueta Pico Vertedor Funciona como etiqueta de seguridad para envases con pico vertedor.\" width=\"150\" height=\"150\" srcset=\"http:\/\/artesgraficasmodernas.com.ar\/wp-content\/uploads\/2018\/02\/Etiqueta-para-pico-vertedor-detalle-1-150x150.jpg 150w, http:\/\/artesgraficasmodernas.com.ar\/wp-content\/uploads\/2018\/02\/Etiqueta-para-pico-vertedor-detalle-1-100x100.jpg 100w, http:\/\/artesgraficasmodernas.com.ar\/wp-content\/uploads\/2018\/02\/Etiqueta-para-pico-vertedor-detalle-1.jpg 200w\" sizes=\"auto, (max-width: 150px) 100vw, 150px\" \/><\/a>[\/vc_column_text][vc_empty_space height=&#8221;10px&#8221;][vc_column_text]<\/p>\n<p style=\"text-align: center;\"><span style=\"font-size: 12px;\">Pico vertedor<\/span><\/p>\n<p>[\/vc_column_text][\/vc_column_inner][vc_column_inner width=&#8221;1\/4&#8243;][vc_column_text]<a href=\"http:\/\/artesgraficasmodernas.com.ar\/wp-content\/uploads\/2018\/02\/ZAPPYfresh-mini-1.jpg\"><img loading=\"lazy\" decoding=\"async\" class=\"aligncenter wp-image-6429 size-thumbnail\" src=\"http:\/\/artesgraficasmodernas.com.ar\/wp-content\/uploads\/2018\/02\/ZAPPYfresh-mini-detalle-1-150x150.jpg\" alt=\"ZAPPYfresh mini Sistema abre-cierra f\u00e1cil para envases flexibles.\" width=\"150\" height=\"150\" srcset=\"http:\/\/artesgraficasmodernas.com.ar\/wp-content\/uploads\/2018\/02\/ZAPPYfresh-mini-detalle-1-150x150.jpg 150w, http:\/\/artesgraficasmodernas.com.ar\/wp-content\/uploads\/2018\/02\/ZAPPYfresh-mini-detalle-1-100x100.jpg 100w, http:\/\/artesgraficasmodernas.com.ar\/wp-content\/uploads\/2018\/02\/ZAPPYfresh-mini-detalle-1.jpg 200w\" sizes=\"auto, (max-width: 150px) 100vw, 150px\" \/><\/a>[\/vc_column_text][vc_empty_space height=&#8221;10px&#8221;][vc_column_text]<\/p>\n<p style=\"text-align: center;\"><span style=\"font-size: 12px;\">ZAPPYfresh mini<\/span><\/p>\n<p>[\/vc_column_text][\/vc_column_inner][vc_column_inner width=&#8221;1\/4&#8243;][vc_column_text]<a href=\"http:\/\/artesgraficasmodernas.com.ar\/wp-content\/uploads\/2018\/02\/ZAPPYsniff-1.jpg\"><img loading=\"lazy\" decoding=\"async\" class=\"aligncenter wp-image-6436 size-thumbnail\" src=\"http:\/\/artesgraficasmodernas.com.ar\/wp-content\/uploads\/2018\/02\/ZAPPYsniff-detalle-1-150x150.jpg\" alt=\"ZAPPYsniff Etiqueta arom\u00e1tica, que permite colocar diversas fragancias.\" width=\"150\" height=\"150\" srcset=\"http:\/\/artesgraficasmodernas.com.ar\/wp-content\/uploads\/2018\/02\/ZAPPYsniff-detalle-1-150x150.jpg 150w, http:\/\/artesgraficasmodernas.com.ar\/wp-content\/uploads\/2018\/02\/ZAPPYsniff-detalle-1-100x100.jpg 100w, http:\/\/artesgraficasmodernas.com.ar\/wp-content\/uploads\/2018\/02\/ZAPPYsniff-detalle-1.jpg 200w\" sizes=\"auto, (max-width: 150px) 100vw, 150px\" \/><\/a>[\/vc_column_text][vc_empty_space height=&#8221;10px&#8221;][vc_column_text]<\/p>\n<p style=\"text-align: center;\"><span style=\"font-size: 12px;\">ZAPPYsniff<\/span><\/p>\n<p>[\/vc_column_text][\/vc_column_inner][vc_column_inner width=&#8221;1\/4&#8243;][vc_column_text]<a href=\"http:\/\/artesgraficasmodernas.com.ar\/wp-content\/uploads\/2018\/05\/sunsilk.png\"><img loading=\"lazy\" decoding=\"async\" class=\"aligncenter wp-image-7138 size-thumbnail\" src=\"http:\/\/artesgraficasmodernas.com.ar\/wp-content\/uploads\/2018\/05\/sunsilk-detalle-150x150.png\" alt=\"\" width=\"150\" height=\"150\" srcset=\"http:\/\/artesgraficasmodernas.com.ar\/wp-content\/uploads\/2018\/05\/sunsilk-detalle-150x150.png 150w, http:\/\/artesgraficasmodernas.com.ar\/wp-content\/uploads\/2018\/05\/sunsilk-detalle-100x100.png 100w, http:\/\/artesgraficasmodernas.com.ar\/wp-content\/uploads\/2018\/05\/sunsilk-detalle.png 200w\" sizes=\"auto, (max-width: 150px) 100vw, 150px\" \/><\/a>[\/vc_column_text][vc_empty_space height=&#8221;10px&#8221;][vc_column_text]<\/p>\n<p style=\"text-align: center;\"><span style=\"font-size: 12px;\">Etiqueta Doble Pel\u00edcula<\/span><\/p>\n<p>[\/vc_column_text][\/vc_column_inner][\/vc_row_inner][vc_separator css=&#8221;.vc_custom_1516718440714{margin-top: 30px !important;margin-bottom: 30px !important;}&#8221;][\/vc_column][\/vc_row]<\/p>\n","protected":false},"excerpt":{"rendered":"<p>Claritas est etiam processus dynamicus, qui sequitur mutationem consuetudium lectorum. Mirum est notare quam littera gothica, quam nunc putamus parum claram, anteposuerit litterarum formas humanitatis per seacula quarta decima et quinta decima. Eodem modo typi, qui nunc nobis videntur parum clari, fiant sollemnes in futurum.<\/p>\n","protected":false},"author":1,"featured_media":0,"parent":0,"menu_order":0,"comment_status":"closed","ping_status":"closed","template":"page-vc.php","meta":{"om_disable_all_campaigns":false,"_monsterinsights_skip_tracking":false,"_monsterinsights_sitenote_active":false,"_monsterinsights_sitenote_note":"","_monsterinsights_sitenote_category":0,"footnotes":""},"class_list":["post-6441","page","type-page","status-publish","hentry"],"_links":{"self":[{"href":"http:\/\/artesgraficasmodernas.com.ar\/index.php\/wp-json\/wp\/v2\/pages\/6441","targetHints":{"allow":["GET"]}}],"collection":[{"href":"http:\/\/artesgraficasmodernas.com.ar\/index.php\/wp-json\/wp\/v2\/pages"}],"about":[{"href":"http:\/\/artesgraficasmodernas.com.ar\/index.php\/wp-json\/wp\/v2\/types\/page"}],"author":[{"embeddable":true,"href":"http:\/\/artesgraficasmodernas.com.ar\/index.php\/wp-json\/wp\/v2\/users\/1"}],"replies":[{"embeddable":true,"href":"http:\/\/artesgraficasmodernas.com.ar\/index.php\/wp-json\/wp\/v2\/comments?post=6441"}],"version-history":[{"count":28,"href":"http:\/\/artesgraficasmodernas.com.ar\/index.php\/wp-json\/wp\/v2\/pages\/6441\/revisions"}],"predecessor-version":[{"id":7449,"href":"http:\/\/artesgraficasmodernas.com.ar\/index.php\/wp-json\/wp\/v2\/pages\/6441\/revisions\/7449"}],"wp:attachment":[{"href":"http:\/\/artesgraficasmodernas.com.ar\/index.php\/wp-json\/wp\/v2\/media?parent=6441"}],"curies":[{"name":"wp","href":"https:\/\/api.w.org\/{rel}","templated":true}]}}