{"id":5566,"date":"2018-01-09T13:38:27","date_gmt":"2018-01-09T13:38:27","guid":{"rendered":"http:\/\/artesgraficasmodernas.com.ar\/?page_id=5566"},"modified":"2018-05-16T14:45:23","modified_gmt":"2018-05-16T14:45:23","slug":"tecnologia-grafica","status":"publish","type":"page","link":"http:\/\/artesgraficasmodernas.com.ar\/index.php\/tecnologia-grafica\/","title":{"rendered":"Tecnolog\u00eda Gr\u00e1fica"},"content":{"rendered":"<p>[vc_row background_image=&#8221;6972&#8243; padding_top=&#8221;125&#8243; padding_bottom=&#8221;125&#8243;][vc_column][vc_custom_heading text=&#8221;TECNOLOG\u00cdA&#8221; font_container=&#8221;tag:h2|font_size:45|text_align:center|color:%23ffffff&#8221; use_theme_fonts=&#8221;yes&#8221;][\/vc_column][\/vc_row][vc_row background_color=&#8221;#dd3333&#8243; padding_bottom=&#8221;0&#8243;][vc_column effect=&#8221;fade-top&#8221;][vc_custom_heading text=&#8221;DIVISI\u00d3N GR\u00c1FICA&#8221; font_container=&#8221;tag:h2|font_size:30px|text_align:center|color:%23ffffff|line_height:30px&#8221; use_theme_fonts=&#8221;yes&#8221;]<div class=\"sep-wrap element-animate element-animate-false center nz-clearfix\" data-effect=\"none\"><div class=\"nz-separator solid\" style=\"border-bottom-color:#eabe3f;width:50px;border-bottom-width:1px;border-bottom-style:solid;margin-top:15px;margin-bottom:2px;\">&nbsp;<\/div><\/div><div class=\"sep-wrap element-animate element-animate-false center nz-clearfix\" data-effect=\"none\"><div class=\"nz-separator solid\" style=\"border-bottom-color:#c0c0c0;width:100px;border-bottom-width:1px;border-bottom-style:solid;margin-bottom:2px;\">&nbsp;<\/div><\/div><div class=\"sep-wrap element-animate element-animate-false center nz-clearfix\" data-effect=\"none\"><div class=\"nz-separator solid\" style=\"border-bottom-color:#ffffff;width:50px;border-bottom-width:1px;border-bottom-style:solid;\">&nbsp;<\/div><\/div>[\/vc_column][\/vc_row][vc_row padding_top=&#8221;40&#8243;][vc_column width=&#8221;1\/4&#8243; effect=&#8221;fade-left&#8221;][\/vc_column][vc_column width=&#8221;1\/4&#8243; effect=&#8221;fade-left&#8221;][vc_column_text]<\/p>\n<h4 style=\"text-align: center;\"><span class=\"nz-icon none medium icon-printer animate-false\" style=\"color:#dd3333 !important;\"><\/span> <span style=\"color: #dd3333 !important;\">Tecnolog\u00eda<\/span><\/h4>\n<p>[\/vc_column_text][\/vc_column][vc_column width=&#8221;1\/4&#8243; effect=&#8221;fade-left&#8221;][vc_column_text]<\/p>\n<h4 style=\"text-align: center;\"><span class=\"nz-icon none medium icon-printer animate-true\" style=\"color: #dd3333 !important;;\"><\/span> <a href=\"http:\/\/artesgraficasmodernas.com.ar\/index.php\/produc-grafica\/\"><span style=\"color: #dd3333 !important;\">Productos<\/span><\/a><\/h4>\n<p>[\/vc_column_text][\/vc_column][vc_column width=&#8221;1\/4&#8243;][\/vc_column][\/vc_row][vc_row padding_top=&#8221;0&#8243; padding_bottom=&#8221;0&#8243;][vc_column][vc_separator][\/vc_column][\/vc_row][vc_row][vc_column width=&#8221;1\/2&#8243; effect=&#8221;fade-left&#8221;][vc_custom_heading text=&#8221;Pre-prensa&#8221; font_container=&#8221;tag:h2|font_size:24|text_align:left|color:%23dd3333&#8243; use_theme_fonts=&#8221;yes&#8221;][vc_empty_space height=&#8221;20px&#8221;][vc_separator align=&#8221;align_left&#8221; border_width=&#8221;3&#8243; el_width=&#8221;20&#8243;][vc_column_text]<\/p>\n<p class=\"p1\" style=\"text-align: left;\"><span style=\"color: #000000;\">En AGM desarrollamos de manera interna todas las formas impresoras, que son fabricadas con terminales de \u00faltima generaci\u00f3n y tecnolog\u00eda de punta. As\u00ed se permite agilizar tiempos del proceso, ofrecer mayor eficacia en el trabajo y conseguir mayores est\u00e1ndares de calidad.<\/span><\/p>\n<p>[\/vc_column_text][vc_empty_space height=&#8221;10px&#8221;]<ul class=\"nz-i-list circle\"><li><div><span class=\"icon icon-checkmark\" style=\"color:#ffffff;background-color:#dd3333;\"><\/span><\/div><div>Dise\u00f1o<\/div><\/li><li><div><span class=\"icon icon-checkmark\" style=\"color:#ffffff;background-color:#dd3333;\"><\/span><\/div><div>Correcci\u00f3n de color y textos<\/div><\/li><li><div><span class=\"icon icon-checkmark\" style=\"color:#ffffff;background-color:#dd3333;\"><\/span><\/div><div>Generaci\u00f3n de tramas y distorsiones<\/div><\/li><li><div><span class=\"icon icon-checkmark\" style=\"color:#ffffff;background-color:#dd3333;\"><\/span><\/div><div>Separaci\u00f3n de colores<\/div><\/li><li><div><span class=\"icon icon-checkmark\" style=\"color:#ffffff;background-color:#dd3333;\"><\/span><\/div><div>Creaci\u00f3n de la silueta del cortante<\/div><\/li><li><div><span class=\"icon icon-checkmark\" style=\"color:#ffffff;background-color:#dd3333;\"><\/span><\/div><div>Preparaci\u00f3n de la pel\u00edcula para el cortante<\/div><\/li><li><div><span class=\"icon icon-checkmark\" style=\"color:#ffffff;background-color:#dd3333;\"><\/span><\/div><div>Pel\u00edculas para crear la forma impresora<\/div><\/li><li><div><span class=\"icon icon-checkmark\" style=\"color:#ffffff;background-color:#dd3333;\"><\/span><\/div><div>Copias computarizadas<\/div><\/li><li><div><span class=\"icon icon-checkmark\" style=\"color:#ffffff;background-color:#dd3333;\"><\/span><\/div><div>Fotopol\u00edmeros (flexograf\u00eda o letterpress)<\/div><\/li><li><div><span class=\"icon icon-checkmark\" style=\"color:#ffffff;background-color:#dd3333;\"><\/span><\/div><div>Mallas serigr\u00e1ficas<\/div><\/li><li><div><span class=\"icon icon-checkmark\" style=\"color:#ffffff;background-color:#dd3333;\"><\/span><\/div><div>Chapas (Offset)<\/div><\/li><\/ul>[\/vc_column][vc_column width=&#8221;1\/2&#8243; effect=&#8221;fade-right&#8221;][vc_single_image image=&#8221;6530&#8243; img_size=&#8221;full&#8221;][\/vc_column][\/vc_row][vc_row padding_top=&#8221;0&#8243; padding_bottom=&#8221;0&#8243;][vc_column][vc_separator][\/vc_column][\/vc_row][vc_row][vc_column width=&#8221;1\/2&#8243; effect=&#8221;fade-left&#8221;][vc_custom_heading text=&#8221;Laboratorio de tintas&#8221; font_container=&#8221;tag:h2|font_size:24|text_align:left|color:%23dd3333&#8243; use_theme_fonts=&#8221;yes&#8221;][vc_empty_space height=&#8221;20px&#8221;][vc_separator align=&#8221;align_left&#8221; border_width=&#8221;3&#8243; el_width=&#8221;20&#8243;][vc_column_text]<\/p>\n<p class=\"p1\"><span style=\"color: #000000;\">Provisto de equipos y software que, no solo otorgan beneficios en calidad, velocidad, eficiencia y nivel de excelencia en los trabajos, sino tambi\u00e9n brindan confiabilidad en los productos y flexibilidad frente a una modificaci\u00f3n.<\/span><\/p>\n<p>[\/vc_column_text][vc_empty_space height=&#8221;10px&#8221;][\/vc_column][vc_column width=&#8221;1\/2&#8243; effect=&#8221;fade-right&#8221;][vc_single_image image=&#8221;4883&#8243; img_size=&#8221;full&#8221;][\/vc_column][\/vc_row][vc_row padding_top=&#8221;0&#8243; padding_bottom=&#8221;0&#8243;][vc_column][vc_separator][\/vc_column][\/vc_row][vc_row][vc_column width=&#8221;1\/2&#8243; effect=&#8221;fade-left&#8221;][vc_custom_heading text=&#8221;Impresi\u00f3n&#8221; font_container=&#8221;tag:h2|font_size:24|text_align:left|color:%23dd3333&#8243; use_theme_fonts=&#8221;yes&#8221;][vc_empty_space height=&#8221;20px&#8221;][vc_separator align=&#8221;align_left&#8221; border_width=&#8221;3&#8243; el_width=&#8221;20&#8243;][vc_column_text]<\/p>\n<p class=\"p1\" style=\"text-align: left;\"><span style=\"color: #000000;\">El conjunto de m\u00e1quinas de AGM abarcan diferentes sistemas impresores:<\/span><\/p>\n<p class=\"p1\" style=\"text-align: left;\"><span style=\"color: #000000;\">Offset, letterpress, serigraf\u00eda, flexograf\u00eda, huecograbado, hot y cold stamping, digital.<\/span><\/p>\n<p class=\"p1\" style=\"text-align: left;\"><span style=\"color: #000000;\">Contamos con m\u00e1quinas que permiten combinar hasta 5 diferentes sistemas de impresi\u00f3n en l\u00ednea.<\/span><\/p>\n<p>[\/vc_column_text][vc_empty_space height=&#8221;10px&#8221;][\/vc_column][vc_column width=&#8221;1\/2&#8243; effect=&#8221;fade-right&#8221;][vc_single_image image=&#8221;6531&#8243; img_size=&#8221;full&#8221;][\/vc_column][\/vc_row][vc_row padding_top=&#8221;0&#8243; padding_bottom=&#8221;0&#8243;][vc_column][vc_separator][\/vc_column][\/vc_row][vc_row][vc_column width=&#8221;1\/2&#8243; effect=&#8221;fade-left&#8221;][vc_custom_heading text=&#8221;Inspecci\u00f3n y rebobinado&#8221; font_container=&#8221;tag:h2|font_size:24|text_align:left|color:%23dd3333&#8243; use_theme_fonts=&#8221;yes&#8221;][vc_empty_space height=&#8221;20px&#8221;][vc_separator align=&#8221;align_left&#8221; border_width=&#8221;3&#8243; el_width=&#8221;20&#8243;][vc_column_text]<\/p>\n<p class=\"p1\" style=\"text-align: left;\"><span style=\"color: #000000;\">Estamos equipados con c\u00e1maras de inspecci\u00f3n y un sistema de inspecci\u00f3n autom\u00e1tico que, en conjunto, son una herramienta valiosa para el control de calidad en la producci\u00f3n.<\/span><\/p>\n<p class=\"p1\" style=\"text-align: left;\"><span style=\"color: #000000;\">Estos equipos inspeccionan, fraccionan, cuentan y empalman bobinas.<\/span><\/p>\n<p>[\/vc_column_text][vc_empty_space height=&#8221;10px&#8221;][\/vc_column][vc_column width=&#8221;1\/2&#8243; effect=&#8221;fade-right&#8221;][vc_single_image image=&#8221;6820&#8243; img_size=&#8221;full&#8221; alignment=&#8221;center&#8221;][\/vc_column][\/vc_row][vc_row padding_top=&#8221;0&#8243; padding_bottom=&#8221;0&#8243;][vc_column][vc_separator][\/vc_column][\/vc_row][vc_row][vc_column width=&#8221;1\/2&#8243; effect=&#8221;fade-left&#8221;][vc_custom_heading text=&#8221;Equipos de apoyo&#8221; font_container=&#8221;tag:h2|font_size:24|text_align:left|color:%23dd3333&#8243; use_theme_fonts=&#8221;yes&#8221;][vc_empty_space height=&#8221;20px&#8221;][vc_separator align=&#8221;align_left&#8221; border_width=&#8221;3&#8243; el_width=&#8221;20&#8243;][vc_column_text]<\/p>\n<p class=\"p1\"><span style=\"color: #000000;\">Diversos equipos gr\u00e1ficos complementarios, nos permiten adicionar elementos fuera de l\u00ednea, para obtener otras funcionalidades del producto, o bien, generar mayor atractivo o medidas de seguridad.<\/span><\/p>\n<p>[\/vc_column_text][vc_empty_space height=&#8221;10px&#8221;]<ul class=\"nz-i-list circle\"><li><div><span class=\"icon icon-checkmark\" style=\"color:#ffffff;background-color:#dd3333;\"><\/span><\/div><div>Barnices o colores adicionales en serigraf\u00eda o flexograf\u00eda<\/div><\/li><li><div><span class=\"icon icon-checkmark\" style=\"color:#ffffff;background-color:#dd3333;\"><\/span><\/div><div>Stamping para sumar colores u efectos hologr\u00e1ficos o metalizados<\/div><\/li><li><div><span class=\"icon icon-checkmark\" style=\"color:#ffffff;background-color:#dd3333;\"><\/span><\/div><div>Troquelados y\/o pespuntes adicionales<\/div><\/li><li><div><span class=\"icon icon-checkmark\" style=\"color:#ffffff;background-color:#dd3333;\"><\/span><\/div><div>Folletos a trav\u00e9s de etiquetas multip\u00e1ginas, para aumentar el espacio de informaci\u00f3n, o crear incentivos adicionales o actividades promocionales<\/div><\/li><li><div><span class=\"icon icon-checkmark\" style=\"color:#ffffff;background-color:#dd3333;\"><\/span><\/div><div>Cortar en pliegos o unidades<\/div><\/li><\/ul>[vc_empty_space height=&#8221;10px&#8221;][\/vc_column][vc_column width=&#8221;1\/2&#8243; effect=&#8221;fade-right&#8221;][vc_gallery type=&#8221;flexslider_slide&#8221; interval=&#8221;3&#8243; images=&#8221;6822,6825&#8243; img_size=&#8221;full&#8221;][vc_empty_space height=&#8221;10px&#8221;][\/vc_column][\/vc_row][vc_row padding_top=&#8221;0&#8243; padding_bottom=&#8221;0&#8243;][vc_column][vc_separator][\/vc_column][\/vc_row][vc_row][vc_column width=&#8221;1\/2&#8243; effect=&#8221;fade-left&#8221;][vc_custom_heading text=&#8221;Producci\u00f3n de Etiquetas Termocontraibles&#8221; font_container=&#8221;tag:h2|font_size:24|text_align:left|color:%23dd3333&#8243; use_theme_fonts=&#8221;yes&#8221;][vc_empty_space height=&#8221;20px&#8221;][vc_separator align=&#8221;align_left&#8221; border_width=&#8221;3&#8243; el_width=&#8221;20&#8243;][vc_column_text]<\/p>\n<p class=\"p1\"><span style=\"color: #000000;\">Tambi\u00e9n contamos con todo el equipo necesario para realizar etiquetas termocontra\u00edbles.<\/span><\/p>\n<p>[\/vc_column_text][vc_empty_space height=&#8221;10px&#8221;][\/vc_column][vc_column width=&#8221;1\/2&#8243; effect=&#8221;fade-right&#8221;][vc_gallery type=&#8221;flexslider_slide&#8221; interval=&#8221;3&#8243; images=&#8221;7097,7098&#8243; img_size=&#8221;full&#8221;][vc_empty_space height=&#8221;10px&#8221;][\/vc_column][\/vc_row]<\/p>\n","protected":false},"excerpt":{"rendered":"<p>Claritas est etiam processus dynamicus, qui sequitur mutationem consuetudium lectorum. Mirum est notare quam littera gothica, quam nunc putamus parum claram, anteposuerit litterarum formas humanitatis per seacula quarta decima et quinta decima. Eodem modo typi, qui nunc nobis videntur parum clari, fiant sollemnes in futurum.<\/p>\n","protected":false},"author":1,"featured_media":0,"parent":0,"menu_order":0,"comment_status":"closed","ping_status":"closed","template":"page-vc.php","meta":{"om_disable_all_campaigns":false,"_monsterinsights_skip_tracking":false,"_monsterinsights_sitenote_active":false,"_monsterinsights_sitenote_note":"","_monsterinsights_sitenote_category":0,"footnotes":""},"class_list":["post-5566","page","type-page","status-publish","hentry"],"_links":{"self":[{"href":"http:\/\/artesgraficasmodernas.com.ar\/index.php\/wp-json\/wp\/v2\/pages\/5566","targetHints":{"allow":["GET"]}}],"collection":[{"href":"http:\/\/artesgraficasmodernas.com.ar\/index.php\/wp-json\/wp\/v2\/pages"}],"about":[{"href":"http:\/\/artesgraficasmodernas.com.ar\/index.php\/wp-json\/wp\/v2\/types\/page"}],"author":[{"embeddable":true,"href":"http:\/\/artesgraficasmodernas.com.ar\/index.php\/wp-json\/wp\/v2\/users\/1"}],"replies":[{"embeddable":true,"href":"http:\/\/artesgraficasmodernas.com.ar\/index.php\/wp-json\/wp\/v2\/comments?post=5566"}],"version-history":[{"count":28,"href":"http:\/\/artesgraficasmodernas.com.ar\/index.php\/wp-json\/wp\/v2\/pages\/5566\/revisions"}],"predecessor-version":[{"id":7361,"href":"http:\/\/artesgraficasmodernas.com.ar\/index.php\/wp-json\/wp\/v2\/pages\/5566\/revisions\/7361"}],"wp:attachment":[{"href":"http:\/\/artesgraficasmodernas.com.ar\/index.php\/wp-json\/wp\/v2\/media?parent=5566"}],"curies":[{"name":"wp","href":"https:\/\/api.w.org\/{rel}","templated":true}]}}