{"id":5531,"date":"2018-01-04T14:40:40","date_gmt":"2018-01-04T14:40:40","guid":{"rendered":"http:\/\/artesgraficasmodernas.com.ar\/?page_id=5531"},"modified":"2018-05-16T15:57:08","modified_gmt":"2018-05-16T15:57:08","slug":"centro-de-etiquetado","status":"publish","type":"page","link":"http:\/\/artesgraficasmodernas.com.ar\/index.php\/centro-de-etiquetado\/","title":{"rendered":"Centro de Etiquetado"},"content":{"rendered":"<p>[vc_row background_image=&#8221;7024&#8243; padding_top=&#8221;125&#8243; padding_bottom=&#8221;125&#8243;][vc_column][vc_custom_heading text=&#8221;SERVICIO DE ETIQUETADO&#8221; font_container=&#8221;tag:h2|font_size:45|text_align:center|color:%23ffffff&#8221; use_theme_fonts=&#8221;yes&#8221;][\/vc_column][\/vc_row][vc_row background_color=&#8221;#00adef&#8221; padding_bottom=&#8221;0&#8243;][vc_column effect=&#8221;fade-top&#8221;][vc_custom_heading text=&#8221;DIVISI\u00d3N M\u00c1QUINAS&#8221; font_container=&#8221;tag:h2|font_size:30px|text_align:center|color:%23ffffff|line_height:30px&#8221; use_theme_fonts=&#8221;yes&#8221;]<div class=\"sep-wrap element-animate element-animate-false center nz-clearfix\" data-effect=\"none\"><div class=\"nz-separator solid\" style=\"border-bottom-color:#eabe3f;width:50px;border-bottom-width:1px;border-bottom-style:solid;margin-top:15px;margin-bottom:2px;\">&nbsp;<\/div><\/div><div class=\"sep-wrap element-animate element-animate-false center nz-clearfix\" data-effect=\"none\"><div class=\"nz-separator solid\" style=\"border-bottom-color:#c0c0c0;width:100px;border-bottom-width:1px;border-bottom-style:solid;margin-bottom:2px;\">&nbsp;<\/div><\/div><div class=\"sep-wrap element-animate element-animate-false center nz-clearfix\" data-effect=\"none\"><div class=\"nz-separator solid\" style=\"border-bottom-color:#ffffff;width:50px;border-bottom-width:1px;border-bottom-style:solid;\">&nbsp;<\/div><\/div>[\/vc_column][\/vc_row][vc_row padding_top=&#8221;40&#8243;][vc_column width=&#8221;1\/6&#8243;][\/vc_column][vc_column width=&#8221;2\/6&#8243;][vc_column_text]<\/p>\n<h4 style=\"text-align: center;\"><span class=\"nz-icon none medium icon-printer animate-true\" style=\"color:#00adef !important;;\"><\/span> <span style=\"color: #00adef !important;\"><a style=\"color: #00adef !important;\" href=\"http:\/\/artesgraficasmodernas.com.ar\/index.php\/etiquetadoras\/\">Etiquetadoras<\/a><\/span><\/h4>\n<p>[\/vc_column_text][\/vc_column][vc_column width=&#8221;3\/6&#8243;][vc_column_text]<\/p>\n<h4 style=\"text-align: left;\"><span class=\"nz-icon none medium icon-printer animate-false\" style=\"color: #00adef !important;;\"><\/span> <span style=\"color: #00adef !important;\">Servicio de Etiquetado<\/span><\/h4>\n<p>[\/vc_column_text][\/vc_column][\/vc_row][vc_row padding_top=&#8221;0&#8243; padding_bottom=&#8221;0&#8243;][vc_column][vc_separator][\/vc_column][\/vc_row][vc_row padding_top=&#8221;0&#8243; padding_bottom=&#8221;0&#8243;][vc_column width=&#8221;1\/6&#8243;][\/vc_column][vc_column width=&#8221;2\/3&#8243; effect=&#8221;fade-left&#8221;][vc_column_text]<\/p>\n<h5 style=\"text-align: center;\"><span style=\"color: #333333;\">Contamos tambi\u00e9n con un Centro de Etiquetado donde ofrecemos a nuestros clientes el servicio de aplicaci\u00f3n de autoadhesivos para empaques en bobina (correcciones, promociones y c\u00f3digo de barras, entre otros).<\/span><\/h5>\n<p>[\/vc_column_text][\/vc_column][vc_column width=&#8221;1\/6&#8243;][\/vc_column][\/vc_row][vc_row padding_top=&#8221;0&#8243;][vc_column width=&#8221;1\/4&#8243;][\/vc_column][vc_column width=&#8221;1\/4&#8243; effect=&#8221;fade-left&#8221; pl=&#8221;30&#8243;]<ul class=\"nz-i-list circle\"><li><div><span class=\"icon icon-checkmark\" style=\"color:#ffffff;background-color:#00adef;\"><\/span><\/div><div>C\u00f3digo de barras<\/div><\/li><li><div><span class=\"icon icon-checkmark\" style=\"color:#ffffff;background-color:#00adef;\"><\/span><\/div><div>Promociones<\/div><\/li><\/ul>[\/vc_column][vc_column width=&#8221;1\/4&#8243; effect=&#8221;fade-left&#8221; pl=&#8221;30&#8243;]<ul class=\"nz-i-list circle\"><li><div><span class=\"icon icon-checkmark\" style=\"color:#ffffff;background-color:#00adef;\"><\/span><\/div><div>Correcciones<\/div><\/li><li><div><span class=\"icon icon-checkmark\" style=\"color:#ffffff;background-color:#00adef;\"><\/span><\/div><div>Otros<\/div><\/li><\/ul>[\/vc_column][vc_column width=&#8221;1\/4&#8243;][\/vc_column][\/vc_row][vc_row padding_bottom=&#8221;0&#8243;][vc_column width=&#8221;1\/3&#8243; effect=&#8221;fade-left&#8221; text_align=&#8221;center&#8221;][vc_single_image image=&#8221;5534&#8243; img_size=&#8221;medium&#8221; alignment=&#8221;center&#8221;][\/vc_column][vc_column width=&#8221;1\/3&#8243; effect=&#8221;fade-bottom&#8221;][vc_single_image image=&#8221;5538&#8243; img_size=&#8221;medium&#8221; alignment=&#8221;center&#8221;][\/vc_column][vc_column width=&#8221;1\/3&#8243; effect=&#8221;fade-right&#8221;][vc_single_image image=&#8221;5536&#8243; img_size=&#8221;medium&#8221; alignment=&#8221;center&#8221;][\/vc_column][\/vc_row]<\/p>\n","protected":false},"excerpt":{"rendered":"<p>Claritas est etiam processus dynamicus, qui sequitur mutationem consuetudium lectorum. Mirum est notare quam littera gothica, quam nunc putamus parum claram, anteposuerit litterarum formas humanitatis per seacula quarta decima et quinta decima. Eodem modo typi, qui nunc nobis videntur parum clari, fiant sollemnes in futurum.<\/p>\n","protected":false},"author":1,"featured_media":0,"parent":0,"menu_order":0,"comment_status":"closed","ping_status":"closed","template":"page-vc.php","meta":{"om_disable_all_campaigns":false,"_monsterinsights_skip_tracking":false,"_monsterinsights_sitenote_active":false,"_monsterinsights_sitenote_note":"","_monsterinsights_sitenote_category":0,"footnotes":""},"class_list":["post-5531","page","type-page","status-publish","hentry"],"_links":{"self":[{"href":"http:\/\/artesgraficasmodernas.com.ar\/index.php\/wp-json\/wp\/v2\/pages\/5531","targetHints":{"allow":["GET"]}}],"collection":[{"href":"http:\/\/artesgraficasmodernas.com.ar\/index.php\/wp-json\/wp\/v2\/pages"}],"about":[{"href":"http:\/\/artesgraficasmodernas.com.ar\/index.php\/wp-json\/wp\/v2\/types\/page"}],"author":[{"embeddable":true,"href":"http:\/\/artesgraficasmodernas.com.ar\/index.php\/wp-json\/wp\/v2\/users\/1"}],"replies":[{"embeddable":true,"href":"http:\/\/artesgraficasmodernas.com.ar\/index.php\/wp-json\/wp\/v2\/comments?post=5531"}],"version-history":[{"count":12,"href":"http:\/\/artesgraficasmodernas.com.ar\/index.php\/wp-json\/wp\/v2\/pages\/5531\/revisions"}],"predecessor-version":[{"id":7378,"href":"http:\/\/artesgraficasmodernas.com.ar\/index.php\/wp-json\/wp\/v2\/pages\/5531\/revisions\/7378"}],"wp:attachment":[{"href":"http:\/\/artesgraficasmodernas.com.ar\/index.php\/wp-json\/wp\/v2\/media?parent=5531"}],"curies":[{"name":"wp","href":"https:\/\/api.w.org\/{rel}","templated":true}]}}

<p>[vc_row background_image=&#8221;7024&#8243; padding_top=&#8221;125&#8243; padding_bottom=&#8221;125&#8243;][vc_column][vc_custom_heading text=&#8221;SERVICIO DE ETIQUETADO&#8221; font_container=&#8221;tag:h2|font_size:45|text_align:center|color:%23ffffff&#8221; use_theme_fonts=&#8221;yes&#8221;][/vc_column][/vc_row][vc_row background_color=&#8221;#00adef&#8221; padding_bottom=&#8221;0&#8243;][vc_column effect=&#8221;fade-top&#8221;][vc_custom_heading text=&#8221;DIVISIÓN MÁQUINAS&#8221; font_container=&#8221;tag:h2|font_size:30px|text_align:center|color:%23ffffff|line_height:30px&#8221; use_theme_fonts=&#8221;yes&#8221;]<div class="sep-wrap element-animate element-animate-false center nz-clearfix" data-effect="none"><div class="nz-separator solid" style="border-bottom-color:#eabe3f;width:50px;border-bottom-width:1px;border-bottom-style:solid;margin-top:15px;margin-bottom:2px;">&nbsp;</div></div><div class="sep-wrap element-animate element-animate-false center nz-clearfix" data-effect="none"><div class="nz-separator solid" style="border-bottom-color:#c0c0c0;width:100px;border-bottom-width:1px;border-bottom-style:solid;margin-bottom:2px;">&nbsp;</div></div><div class="sep-wrap element-animate element-animate-false center nz-clearfix" data-effect="none"><div class="nz-separator solid" style="border-bottom-color:#ffffff;width:50px;border-bottom-width:1px;border-bottom-style:solid;">&nbsp;</div></div>[/vc_column][/vc_row][vc_row padding_top=&#8221;40&#8243;][vc_column width=&#8221;1/6&#8243;][/vc_column][vc_column width=&#8221;2/6&#8243;][vc_column_text]</p>
<h4 style="text-align: center;"><span class="nz-icon none medium icon-printer animate-true" style="color:#00adef !important;;"></span> <span style="color: #00adef !important;"><a style="color: #00adef !important;" href="http://artesgraficasmodernas.com.ar/index.php/etiquetadoras/">Etiquetadoras</a></span></h4>
<p>[/vc_column_text][/vc_column][vc_column width=&#8221;3/6&#8243;][vc_column_text]</p>
<h4 style="text-align: left;"><span class="nz-icon none medium icon-printer animate-false" style="color: #00adef !important;;"></span> <span style="color: #00adef !important;">Servicio de Etiquetado</span></h4>
<p>[/vc_column_text][/vc_column][/vc_row][vc_row padding_top=&#8221;0&#8243; padding_bottom=&#8221;0&#8243;][vc_column][vc_separator][/vc_column][/vc_row][vc_row padding_top=&#8221;0&#8243; padding_bottom=&#8221;0&#8243;][vc_column width=&#8221;1/6&#8243;][/vc_column][vc_column width=&#8221;2/3&#8243; effect=&#8221;fade-left&#8221;][vc_column_text]</p>
<h5 style="text-align: center;"><span style="color: #333333;">Contamos también con un Centro de Etiquetado donde ofrecemos a nuestros clientes el servicio de aplicación de autoadhesivos para empaques en bobina (correcciones, promociones y código de barras, entre otros).</span></h5>
<p>[/vc_column_text][/vc_column][vc_column width=&#8221;1/6&#8243;][/vc_column][/vc_row][vc_row padding_top=&#8221;0&#8243;][vc_column width=&#8221;1/4&#8243;][/vc_column][vc_column width=&#8221;1/4&#8243; effect=&#8221;fade-left&#8221; pl=&#8221;30&#8243;]<ul class="nz-i-list circle"><li><div><span class="icon icon-checkmark" style="color:#ffffff;background-color:#00adef;"></span></div><div>Código de barras</div></li><li><div><span class="icon icon-checkmark" style="color:#ffffff;background-color:#00adef;"></span></div><div>Promociones</div></li></ul>[/vc_column][vc_column width=&#8221;1/4&#8243; effect=&#8221;fade-left&#8221; pl=&#8221;30&#8243;]<ul class="nz-i-list circle"><li><div><span class="icon icon-checkmark" style="color:#ffffff;background-color:#00adef;"></span></div><div>Correcciones</div></li><li><div><span class="icon icon-checkmark" style="color:#ffffff;background-color:#00adef;"></span></div><div>Otros</div></li></ul>[/vc_column][vc_column width=&#8221;1/4&#8243;][/vc_column][/vc_row][vc_row padding_bottom=&#8221;0&#8243;][vc_column width=&#8221;1/3&#8243; effect=&#8221;fade-left&#8221; text_align=&#8221;center&#8221;][vc_single_image image=&#8221;5534&#8243; img_size=&#8221;medium&#8221; alignment=&#8221;center&#8221;][/vc_column][vc_column width=&#8221;1/3&#8243; effect=&#8221;fade-bottom&#8221;][vc_single_image image=&#8221;5538&#8243; img_size=&#8221;medium&#8221; alignment=&#8221;center&#8221;][/vc_column][vc_column width=&#8221;1/3&#8243; effect=&#8221;fade-right&#8221;][vc_single_image image=&#8221;5536&#8243; img_size=&#8221;medium&#8221; alignment=&#8221;center&#8221;][/vc_column][/vc_row]</p>
