{"id":5481,"date":"2018-01-04T01:42:34","date_gmt":"2018-01-04T01:42:34","guid":{"rendered":"http:\/\/artesgraficasmodernas.com.ar\/?page_id=5481"},"modified":"2018-05-18T17:24:26","modified_gmt":"2018-05-18T17:24:26","slug":"division-maquinas","status":"publish","type":"page","link":"http:\/\/artesgraficasmodernas.com.ar\/index.php\/division-maquinas\/","title":{"rendered":"Divisi\u00f3n M\u00e1quinas"},"content":{"rendered":"<p>[vc_row autoheight=&#8221;true&#8221; background_image=&#8221;7020&#8243; padding_top=&#8221;75&#8243; padding_bottom=&#8221;75&#8243; el_class=&#8221;header-divisiones&#8221;][vc_column][vc_custom_heading text=&#8221;SERVICIO INTEGRAL&#8221; font_container=&#8221;tag:h3|font_size:45px|text_align:center|color:%23ffffff|line_height:50px&#8221; use_theme_fonts=&#8221;yes&#8221;][vc_custom_heading text=&#8221;Hasta la \u00faltima etapa del negocio&#8221; font_container=&#8221;tag:h4|font_size:40px|text_align:center|color:%23ffffff|line_height:45px&#8221; use_theme_fonts=&#8221;yes&#8221;][\/vc_column][\/vc_row][vc_row background_color=&#8221;#00adef&#8221; padding_bottom=&#8221;0&#8243;][vc_column effect=&#8221;fade-top&#8221;][vc_custom_heading text=&#8221;DIVISI\u00d3N M\u00c1QUINAS&#8221; font_container=&#8221;tag:h2|font_size:30px|text_align:center|color:%23ffffff|line_height:30px&#8221; use_theme_fonts=&#8221;yes&#8221;]<div class=\"sep-wrap element-animate element-animate-false center nz-clearfix\" data-effect=\"none\"><div class=\"nz-separator solid\" style=\"border-bottom-color:#eabe3f;width:50px;border-bottom-width:1px;border-bottom-style:solid;margin-top:15px;margin-bottom:2px;\">&nbsp;<\/div><\/div><div class=\"sep-wrap element-animate element-animate-false center nz-clearfix\" data-effect=\"none\"><div class=\"nz-separator solid\" style=\"border-bottom-color:#c0c0c0;width:100px;border-bottom-width:1px;border-bottom-style:solid;margin-bottom:2px;\">&nbsp;<\/div><\/div><div class=\"sep-wrap element-animate element-animate-false center nz-clearfix\" data-effect=\"none\"><div class=\"nz-separator solid\" style=\"border-bottom-color:#ffffff;width:50px;border-bottom-width:1px;border-bottom-style:solid;\">&nbsp;<\/div><\/div>[\/vc_column][\/vc_row][vc_row padding_top=&#8221;40&#8243;][vc_column width=&#8221;1\/6&#8243;][\/vc_column][vc_column width=&#8221;2\/6&#8243; effect=&#8221;fade-left&#8221;][vc_column_text]<\/p>\n<h4 style=\"text-align: center;\"><span class=\"nz-icon none medium icon-printer animate-true\" style=\"color:#00adef !important;\"><\/span> <span style=\"color: #00adef !important;\"><a style=\"color: #00adef !important;\" href=\"http:\/\/artesgraficasmodernas.com.ar\/index.php\/etiquetadoras\/\">Etiquetadoras<\/a><\/span><\/h4>\n<p>[\/vc_column_text][\/vc_column][vc_column width=&#8221;3\/6&#8243; effect=&#8221;fade-left&#8221;][vc_column_text]<\/p>\n<h4 style=\"text-align: left;\"><span class=\"nz-icon none medium icon-printer animate-true\" style=\"color:#00adef !important;\"><\/span> <span style=\"color: #00adef !important;\"><a style=\"color: #00adef !important;\" href=\"http:\/\/artesgraficasmodernas.com.ar\/index.php\/centro-de-etiquetado\/\">Servicio de Etiquetado<\/a><\/span><\/h4>\n<p>[\/vc_column_text][\/vc_column][\/vc_row][vc_row padding_top=&#8221;0&#8243; padding_bottom=&#8221;0&#8243;][vc_column][vc_separator][\/vc_column][\/vc_row][vc_row padding_top=&#8221;0&#8243; padding_bottom=&#8221;0&#8243;][vc_column][vc_column_text]<\/p>\n<h5 style=\"text-align: center;\"><span style=\"color: #333333;\">La comercializaci\u00f3n de m\u00e1quinas aplicadoras de etiquetas autoadhesivas y equipos a pedido para productos promocionales o especiales, logr\u00f3 cerrar un c\u00edrculo de servicios con nuestros clientes, asumiendo una participaci\u00f3n integral hasta la \u00faltima etapa del negocio, es decir la etiqueta pegada en el envase.<\/span><\/h5>\n<p>[\/vc_column_text][vc_empty_space height=&#8221;20px&#8221;][\/vc_column][\/vc_row][vc_row][vc_column][vc_column_text]<\/p>\n<h4 style=\"text-align: center;\"><strong><span style=\"color: #00adef;\">Estudiamos las necesidades de los clientes ofreciendo la mejor soluci\u00f3n en el etiquetado.<\/span><\/strong><\/h4>\n<p>[\/vc_column_text][\/vc_column][\/vc_row][vc_row padding_bottom=&#8221;0&#8243;][vc_column text_align=&#8221;center&#8221;][vc_single_image image=&#8221;5492&#8243; img_size=&#8221;full&#8221; alignment=&#8221;center&#8221;][\/vc_column][\/vc_row][vc_row padding_top=&#8221;0&#8243;][vc_column width=&#8221;1\/6&#8243;][\/vc_column][vc_column width=&#8221;2\/3&#8243;][vc_separator align=&#8221;align_left&#8221; border_width=&#8221;3&#8243; el_width=&#8221;20&#8243;][vc_column_text]<img loading=\"lazy\" decoding=\"async\" class=\"alignleft wp-image-5327\" src=\"http:\/\/artesgraficasmodernas.com.ar\/wp-content\/uploads\/2017\/12\/Captura-de-pantalla-2017-12-27-a-las-8.07.33-AM.png\" alt=\"\" width=\"40\" height=\"45\" \/><a href=\"http:\/\/artesgraficasmodernas.com.ar\/wp-content\/uploads\/2018\/03\/Soluciones-a-Problemas-de-Etiquetado.pdf\" target=\"_blank\" rel=\"noopener\">Problemas<br \/>\nde Etiquetado<\/a>[\/vc_column_text][\/vc_column][vc_column width=&#8221;1\/6&#8243;][\/vc_column][\/vc_row]<\/p>\n","protected":false},"excerpt":{"rendered":"<p>Claritas est etiam processus dynamicus, qui sequitur mutationem consuetudium lectorum. Mirum est notare quam littera gothica, quam nunc putamus parum claram, anteposuerit litterarum formas humanitatis per seacula quarta decima et quinta decima. Eodem modo typi, qui nunc nobis videntur parum clari, fiant sollemnes in futurum.<\/p>\n","protected":false},"author":1,"featured_media":0,"parent":0,"menu_order":0,"comment_status":"closed","ping_status":"closed","template":"page-vc.php","meta":{"om_disable_all_campaigns":false,"_monsterinsights_skip_tracking":false,"_monsterinsights_sitenote_active":false,"_monsterinsights_sitenote_note":"","_monsterinsights_sitenote_category":0,"footnotes":""},"class_list":["post-5481","page","type-page","status-publish","hentry"],"_links":{"self":[{"href":"http:\/\/artesgraficasmodernas.com.ar\/index.php\/wp-json\/wp\/v2\/pages\/5481","targetHints":{"allow":["GET"]}}],"collection":[{"href":"http:\/\/artesgraficasmodernas.com.ar\/index.php\/wp-json\/wp\/v2\/pages"}],"about":[{"href":"http:\/\/artesgraficasmodernas.com.ar\/index.php\/wp-json\/wp\/v2\/types\/page"}],"author":[{"embeddable":true,"href":"http:\/\/artesgraficasmodernas.com.ar\/index.php\/wp-json\/wp\/v2\/users\/1"}],"replies":[{"embeddable":true,"href":"http:\/\/artesgraficasmodernas.com.ar\/index.php\/wp-json\/wp\/v2\/comments?post=5481"}],"version-history":[{"count":32,"href":"http:\/\/artesgraficasmodernas.com.ar\/index.php\/wp-json\/wp\/v2\/pages\/5481\/revisions"}],"predecessor-version":[{"id":7450,"href":"http:\/\/artesgraficasmodernas.com.ar\/index.php\/wp-json\/wp\/v2\/pages\/5481\/revisions\/7450"}],"wp:attachment":[{"href":"http:\/\/artesgraficasmodernas.com.ar\/index.php\/wp-json\/wp\/v2\/media?parent=5481"}],"curies":[{"name":"wp","href":"https:\/\/api.w.org\/{rel}","templated":true}]}}