{"id":4959,"date":"2017-10-18T18:29:03","date_gmt":"2017-10-18T18:29:03","guid":{"rendered":"http:\/\/artesgraficasmodernas.com.ar\/?page_id=4959"},"modified":"2018-05-18T17:08:33","modified_gmt":"2018-05-18T17:08:33","slug":"etiquetas-autoadhesivas","status":"publish","type":"page","link":"http:\/\/artesgraficasmodernas.com.ar\/index.php\/etiquetas-autoadhesivas\/","title":{"rendered":"Etiquetas Autoadhesivas"},"content":{"rendered":"<p>[vc_row background_color=&#8221;#dd3333&#8243; padding_bottom=&#8221;0&#8243;][vc_column width=&#8221;1\/4&#8243;][\/vc_column][vc_column width=&#8221;1\/2&#8243;][vc_empty_space height=&#8221;20px&#8221;][vc_custom_heading text=&#8221;DIVISI\u00d3N GR\u00c1FICA&#8221; font_container=&#8221;tag:h2|font_size:30|text_align:center|color:%23ffffff&#8221; use_theme_fonts=&#8221;yes&#8221;]<div class=\"sep-wrap element-animate element-animate-false center nz-clearfix\" data-effect=\"none\"><div class=\"nz-separator solid\" style=\"border-bottom-color:#5ba9df;width:50px;border-bottom-width:1px;border-bottom-style:solid;margin-top:15px;margin-bottom:2px;\">&nbsp;<\/div><\/div><div class=\"sep-wrap element-animate element-animate-false center nz-clearfix\" data-effect=\"none\"><div class=\"nz-separator solid\" style=\"border-bottom-color:#54dc64;width:100px;border-bottom-width:1px;border-bottom-style:solid;margin-bottom:2px;\">&nbsp;<\/div><\/div><div class=\"sep-wrap element-animate element-animate-false center nz-clearfix\" data-effect=\"none\"><div class=\"nz-separator solid\" style=\"border-bottom-color:#ffc000;width:50px;border-bottom-width:1px;border-bottom-style:solid;margin-bottom:20px;\">&nbsp;<\/div><\/div>[\/vc_column][vc_column width=&#8221;1\/4&#8243;][vc_empty_space height=&#8221;30px&#8221;][vc_btn title=&#8221;VOLVER&#8221; style=&#8221;outline-custom&#8221; outline_custom_color=&#8221;#ffffff&#8221; outline_custom_hover_background=&#8221;#e2e2e2&#8243; outline_custom_hover_text=&#8221;#ffffff&#8221; shape=&#8221;square&#8221; size=&#8221;xs&#8221; i_align=&#8221;right&#8221; i_icon_fontawesome=&#8221;fa fa-share&#8221; add_icon=&#8221;true&#8221; link=&#8221;url:http%3A%2F%2Fartesgraficasmodernas.com.ar%2Findex.php%2Fproduc-grafica%2F|||&#8221;][\/vc_column][\/vc_row][vc_row padding_top=&#8221;50&#8243; padding_bottom=&#8221;0&#8243;][vc_column width=&#8221;1\/3&#8243; valign=&#8221;middle&#8221;][vc_empty_space][vc_single_image image=&#8221;6886&#8243; img_size=&#8221;full&#8221; alignment=&#8221;center&#8221;][vc_column_text]<\/p>\n<p style=\"text-align: left; color: #000000;\"><span style=\"font-size: 18px;\">Las etiquetas son herramientas de venta notable frente a la competencia y por qu\u00e9 no decir \u201cel vendedor\u201d silencioso en el punto de venta.<\/span><\/p>\n<p style=\"text-align: left; color: #000000;\"><span style=\"font-size: 16px;\"><span style=\"font-size: 18px;\">La imagen y la presentaci\u00f3n es lo que hace especial y diferente al producto. Es importante saber que las etiquetas visten los productos y de inmediato vislumbran para el consumidor las cualidades de los mismos. Ofrecemos productos de identificaci\u00f3n y decoraci\u00f3n, con una amplia gama de materiales y formatos de impresi\u00f3n.<\/span> <\/span><\/p>\n<p>[\/vc_column_text][\/vc_column][vc_column width=&#8221;2\/3&#8243;][vc_column_text]<\/p>\n<p style=\"text-align: center;\"><span style=\"font-size: 16px;\"><img loading=\"lazy\" decoding=\"async\" class=\"wp-image-6584 alignleft\" src=\"http:\/\/artesgraficasmodernas.com.ar\/wp-content\/uploads\/2018\/03\/autoadhesivas.jpg\" alt=\"\" width=\"800\" height=\"533\" srcset=\"http:\/\/artesgraficasmodernas.com.ar\/wp-content\/uploads\/2018\/03\/autoadhesivas.jpg 1772w, http:\/\/artesgraficasmodernas.com.ar\/wp-content\/uploads\/2018\/03\/autoadhesivas-300x200.jpg 300w, http:\/\/artesgraficasmodernas.com.ar\/wp-content\/uploads\/2018\/03\/autoadhesivas-768x512.jpg 768w, http:\/\/artesgraficasmodernas.com.ar\/wp-content\/uploads\/2018\/03\/autoadhesivas-1024x682.jpg 1024w, http:\/\/artesgraficasmodernas.com.ar\/wp-content\/uploads\/2018\/03\/autoadhesivas-600x400.jpg 600w\" sizes=\"auto, (max-width: 800px) 100vw, 800px\" \/><\/span><\/p>\n<p>[\/vc_column_text][vc_empty_space][\/vc_column][\/vc_row][vc_row][vc_column][vc_separator][\/vc_column][\/vc_row][vc_row padding_top=&#8221;&#8221; padding_bottom=&#8221;&#8221;][vc_column width=&#8221;1\/2&#8243;][vc_column_text]<\/p>\n<div class=\"nz-column-text nz-clearfix element-animate-false\" data-effect=\"none\" data-effect-speed=\"50\">\n<h3>Materiales<\/h3>\n<\/div>\n<p>[\/vc_column_text][vc_empty_space height=&#8221;20px&#8221;][vc_separator align=&#8221;align_left&#8221; border_width=&#8221;3&#8243; el_width=&#8221;20&#8243;][vc_column_text]<\/p>\n<p style=\"text-align: left; color: #000000;\"><span style=\"font-size: 16px;\">Contamos con una amplia oferta en sustratos, tanto de pel\u00edcula simple como de m\u00e1s de dos pel\u00edculas.<br \/>\nEstamos innovando y desarrollando constantemente materiales alternativos, para ser el mejor aliado de nuestros clientes, y que ellos puedan estar seguros que AGM es la mejor opci\u00f3n.<\/span><\/p>\n<p>[\/vc_column_text][\/vc_column][vc_column width=&#8221;1\/2&#8243;][vc_row_inner gap=&#8221;30&#8243;][vc_column_inner width=&#8221;1\/3&#8243;][vc_column_text]<a href=\"http:\/\/artesgraficasmodernas.com.ar\/wp-content\/uploads\/2018\/03\/blanco.jpg\"><img loading=\"lazy\" decoding=\"async\" class=\"aligncenter wp-image-6613 size-thumbnail\" src=\"http:\/\/artesgraficasmodernas.com.ar\/wp-content\/uploads\/2018\/03\/Materiales-Blanco-150x150.jpg\" alt=\"\" width=\"150\" height=\"150\" srcset=\"http:\/\/artesgraficasmodernas.com.ar\/wp-content\/uploads\/2018\/03\/Materiales-Blanco-150x150.jpg 150w, http:\/\/artesgraficasmodernas.com.ar\/wp-content\/uploads\/2018\/03\/Materiales-Blanco-100x100.jpg 100w, http:\/\/artesgraficasmodernas.com.ar\/wp-content\/uploads\/2018\/03\/Materiales-Blanco.jpg 200w\" sizes=\"auto, (max-width: 150px) 100vw, 150px\" \/><\/a>[\/vc_column_text][vc_empty_space][vc_column_text]<\/p>\n<p style=\"text-align: center;\"><span style=\"font-size: 12px;\">BLANCO<\/span><\/p>\n<p>[\/vc_column_text][\/vc_column_inner][vc_column_inner width=&#8221;1\/3&#8243;][vc_column_text]<a href=\"http:\/\/artesgraficasmodernas.com.ar\/wp-content\/uploads\/2018\/03\/Transparente.jpeg\"><img loading=\"lazy\" decoding=\"async\" class=\"aligncenter wp-image-6617 size-thumbnail\" src=\"http:\/\/artesgraficasmodernas.com.ar\/wp-content\/uploads\/2018\/03\/Materiales-Transparente-150x150.jpg\" alt=\"\" width=\"150\" height=\"150\" srcset=\"http:\/\/artesgraficasmodernas.com.ar\/wp-content\/uploads\/2018\/03\/Materiales-Transparente-150x150.jpg 150w, http:\/\/artesgraficasmodernas.com.ar\/wp-content\/uploads\/2018\/03\/Materiales-Transparente-100x100.jpg 100w, http:\/\/artesgraficasmodernas.com.ar\/wp-content\/uploads\/2018\/03\/Materiales-Transparente.jpg 200w\" sizes=\"auto, (max-width: 150px) 100vw, 150px\" \/><\/a>[\/vc_column_text][vc_empty_space][vc_column_text]<\/p>\n<p style=\"text-align: center;\"><span style=\"font-size: 12px;\">TRANSPARENTE<\/span><\/p>\n<p>[\/vc_column_text][\/vc_column_inner][vc_column_inner width=&#8221;1\/3&#8243;][vc_column_text]<\/p>\n<p style=\"text-align: center;\"><a href=\"http:\/\/artesgraficasmodernas.com.ar\/wp-content\/uploads\/2018\/03\/Metalizados.jpg\"><img loading=\"lazy\" decoding=\"async\" class=\"alignnone wp-image-6616 size-thumbnail\" src=\"http:\/\/artesgraficasmodernas.com.ar\/wp-content\/uploads\/2018\/03\/Materiales-Metalizado-150x150.jpg\" alt=\"\" width=\"150\" height=\"150\" srcset=\"http:\/\/artesgraficasmodernas.com.ar\/wp-content\/uploads\/2018\/03\/Materiales-Metalizado-150x150.jpg 150w, http:\/\/artesgraficasmodernas.com.ar\/wp-content\/uploads\/2018\/03\/Materiales-Metalizado-100x100.jpg 100w, http:\/\/artesgraficasmodernas.com.ar\/wp-content\/uploads\/2018\/03\/Materiales-Metalizado.jpg 200w\" sizes=\"auto, (max-width: 150px) 100vw, 150px\" \/><\/a><\/p>\n<p>[\/vc_column_text][vc_empty_space height=&#8221;23px&#8221;][vc_column_text]<\/p>\n<p style=\"text-align: center;\"><span style=\"font-size: 12px;\">METALIZADO<\/span><\/p>\n<p>[\/vc_column_text][\/vc_column_inner][\/vc_row_inner][vc_row_inner gap=&#8221;30&#8243;][vc_column_inner width=&#8221;1\/3&#8243;][vc_column_text]<a href=\"http:\/\/artesgraficasmodernas.com.ar\/wp-content\/uploads\/2018\/03\/Holografico.png\"><img loading=\"lazy\" decoding=\"async\" class=\"aligncenter wp-image-6614 size-thumbnail\" src=\"http:\/\/artesgraficasmodernas.com.ar\/wp-content\/uploads\/2018\/03\/Materiales-Holografico-150x150.jpg\" alt=\"\" width=\"150\" height=\"150\" srcset=\"http:\/\/artesgraficasmodernas.com.ar\/wp-content\/uploads\/2018\/03\/Materiales-Holografico-150x150.jpg 150w, http:\/\/artesgraficasmodernas.com.ar\/wp-content\/uploads\/2018\/03\/Materiales-Holografico-100x100.jpg 100w, http:\/\/artesgraficasmodernas.com.ar\/wp-content\/uploads\/2018\/03\/Materiales-Holografico.jpg 200w\" sizes=\"auto, (max-width: 150px) 100vw, 150px\" \/><\/a>[\/vc_column_text][vc_empty_space][vc_column_text]<\/p>\n<p style=\"text-align: center;\"><span style=\"font-size: 12px;\">HOLOGR\u00c1FICO<\/span><\/p>\n<p>[\/vc_column_text][\/vc_column_inner][vc_column_inner width=&#8221;1\/3&#8243;][vc_column_text]<a href=\"http:\/\/artesgraficasmodernas.com.ar\/wp-content\/uploads\/2018\/03\/Iridiscente.png\"><img loading=\"lazy\" decoding=\"async\" class=\"aligncenter wp-image-6615 size-thumbnail\" src=\"http:\/\/artesgraficasmodernas.com.ar\/wp-content\/uploads\/2018\/03\/Materiales-Iridiscente-150x150.jpg\" alt=\"\" width=\"150\" height=\"150\" srcset=\"http:\/\/artesgraficasmodernas.com.ar\/wp-content\/uploads\/2018\/03\/Materiales-Iridiscente-150x150.jpg 150w, http:\/\/artesgraficasmodernas.com.ar\/wp-content\/uploads\/2018\/03\/Materiales-Iridiscente-100x100.jpg 100w, http:\/\/artesgraficasmodernas.com.ar\/wp-content\/uploads\/2018\/03\/Materiales-Iridiscente.jpg 200w\" sizes=\"auto, (max-width: 150px) 100vw, 150px\" \/><\/a>[\/vc_column_text][vc_empty_space][vc_column_text]<\/p>\n<p style=\"text-align: center;\"><span style=\"font-size: 12px;\">IRIDISCENTE<\/span><\/p>\n<p>[\/vc_column_text][\/vc_column_inner][\/vc_row_inner][\/vc_column][\/vc_row][vc_row][vc_column][vc_separator][\/vc_column][\/vc_row][vc_row][vc_column width=&#8221;1\/2&#8243;][vc_column_text]<\/p>\n<div class=\"nz-column-text nz-clearfix element-animate-false\" data-effect=\"none\" data-effect-speed=\"50\">\n<h3>Adhesivos<\/h3>\n<\/div>\n<p>[\/vc_column_text][vc_empty_space height=&#8221;20px&#8221;][vc_separator align=&#8221;align_left&#8221; border_width=&#8221;3&#8243; el_width=&#8221;20&#8243;][vc_column_text]<\/p>\n<p style=\"text-align: left; color: #000000;\"><span style=\"font-size: 16px;\">Podr\u00e1n ser de caucho natural o sint\u00e9tico, acr\u00edlicos, acuosos o solventes o hot melt, at\u00f3xicos, hipoalerg\u00e9nicos, inodoros, aptos para contacto con productos alimenticios, medicinales, para interior o exterior, para usos en procesos fr\u00edos y bajo cero, c\u00e1lidos o muy calientes, para aplicar sobre mojado, de uso permanente o removibles, blandos o duros, etc.<\/span><\/p>\n<p>&#8212;<\/p>\n<p style=\"text-align: left; color: #000000;\"><span style=\"font-size: 16px;\">Las etiquetas<strong> Wash Off<\/strong> se separan f\u00e1cilmente del vidrio o PET durante el proceso de lavado.<\/span><\/p>\n<p style=\"text-align: left; color: #000000;\"><span style=\"font-size: 16px;\">De esta manera AGM aporta productos al mercado que contribuyen a minimizar el impacto ambiental de los envases, brindando la posibilidad de reutilizaci\u00f3n o reciclado de los mismos.<\/span><\/p>\n<p>[\/vc_column_text][\/vc_column][vc_column width=&#8221;1\/2&#8243; text_align=&#8221;center&#8221;][vc_row_inner gap=&#8221;30&#8243;][vc_column_inner width=&#8221;1\/2&#8243;][vc_column_text]<\/p>\n<p style=\"text-align: center;\"><a href=\"http:\/\/artesgraficasmodernas.com.ar\/wp-content\/uploads\/2018\/03\/Adhesivos-Wash-off.jpg\"><img loading=\"lazy\" decoding=\"async\" class=\"wp-image-6622 size-thumbnail aligncenter\" src=\"http:\/\/artesgraficasmodernas.com.ar\/wp-content\/uploads\/2018\/03\/Adhesivos-Wash-off-detalle-150x150.jpg\" alt=\"\" width=\"150\" height=\"150\" srcset=\"http:\/\/artesgraficasmodernas.com.ar\/wp-content\/uploads\/2018\/03\/Adhesivos-Wash-off-detalle-150x150.jpg 150w, http:\/\/artesgraficasmodernas.com.ar\/wp-content\/uploads\/2018\/03\/Adhesivos-Wash-off-detalle-100x100.jpg 100w, http:\/\/artesgraficasmodernas.com.ar\/wp-content\/uploads\/2018\/03\/Adhesivos-Wash-off-detalle.jpg 200w\" sizes=\"auto, (max-width: 150px) 100vw, 150px\" \/><\/a><\/p>\n<p>[\/vc_column_text][vc_empty_space][vc_column_text]<\/p>\n<p style=\"text-align: center;\"><span style=\"font-size: 12px;\">WASH OFF<\/span><\/p>\n<p>[\/vc_column_text][\/vc_column_inner][vc_column_inner width=&#8221;1\/2&#8243;][\/vc_column_inner][\/vc_row_inner][\/vc_column][\/vc_row][vc_row padding_top=&#8221;10&#8243; padding_bottom=&#8221;10&#8243;][vc_column][vc_separator][\/vc_column][\/vc_row][vc_row][vc_column width=&#8221;1\/2&#8243;][vc_column_text]<\/p>\n<div class=\"nz-column-text nz-clearfix element-animate-false\" data-effect=\"none\" data-effect-speed=\"50\">\n<h3>Tintas<\/h3>\n<\/div>\n<p>[\/vc_column_text][vc_empty_space height=&#8221;20px&#8221;][vc_separator align=&#8221;align_left&#8221; border_width=&#8221;3&#8243; el_width=&#8221;20&#8243;][vc_column_text]<span style=\"font-size: 16px; color: #000000;\">En nuestro laboratorio de tintas brindamos seguridad al momento de realizar un trabajo, contando con equipos precisos, que preparan las tintas y controlan la calidad y par\u00e1metros.<br \/>\nTrabajamos con: Tintas termocrom\u00e1ticas (reaccionan a las temperaturas ambientales), Fotocrom\u00e1ticas (se activan cuando se exponen al sol), Fotoluminiscente (m\u00e1s conocida como glow in the dark), Fluorescentes para seguridad o acciones promocionales (toman intensidad de color con la presencia de la luz ultravioleta), pigmentos o part\u00edculas multicolores que le dan brillo y profundidad al envase, tintas de relieve (para dar texturas o bien utilizar lenguaje braile) y muchas variantes m\u00e1s.<\/span>[\/vc_column_text][\/vc_column][vc_column width=&#8221;1\/2&#8243;][vc_row_inner gap=&#8221;30&#8243;][vc_column_inner width=&#8221;1\/3&#8243;][vc_column_text]<\/p>\n<p style=\"text-align: center;\"><a href=\"http:\/\/artesgraficasmodernas.com.ar\/wp-content\/uploads\/2018\/05\/metalizado.jpg\"><img loading=\"lazy\" decoding=\"async\" class=\"aligncenter wp-image-6195 size-thumbnail\" src=\"http:\/\/artesgraficasmodernas.com.ar\/wp-content\/uploads\/2018\/02\/metalizado-detalle-150x150.jpg\" alt=\"\" width=\"150\" height=\"150\" srcset=\"http:\/\/artesgraficasmodernas.com.ar\/wp-content\/uploads\/2018\/02\/metalizado-detalle-150x150.jpg 150w, http:\/\/artesgraficasmodernas.com.ar\/wp-content\/uploads\/2018\/02\/metalizado-detalle-100x100.jpg 100w, http:\/\/artesgraficasmodernas.com.ar\/wp-content\/uploads\/2018\/02\/metalizado-detalle.jpg 200w\" sizes=\"auto, (max-width: 150px) 100vw, 150px\" \/><\/a><\/p>\n<p>[\/vc_column_text][vc_empty_space][vc_column_text]<\/p>\n<p style=\"text-align: center;\"><span style=\"font-size: 12px;\">FLUORESCENTE<\/span><\/p>\n<p>[\/vc_column_text][\/vc_column_inner][vc_column_inner width=&#8221;1\/3&#8243;][vc_column_text]<\/p>\n<p style=\"text-align: center;\"><a href=\"http:\/\/artesgraficasmodernas.com.ar\/wp-content\/uploads\/2018\/05\/Zhumir-glitter.jpg\"><img loading=\"lazy\" decoding=\"async\" class=\"alignnone wp-image-6207 size-thumbnail\" src=\"http:\/\/artesgraficasmodernas.com.ar\/wp-content\/uploads\/2018\/02\/tinta-glitter-detalle-150x150.jpg\" alt=\"\" width=\"150\" height=\"150\" srcset=\"http:\/\/artesgraficasmodernas.com.ar\/wp-content\/uploads\/2018\/02\/tinta-glitter-detalle-150x150.jpg 150w, http:\/\/artesgraficasmodernas.com.ar\/wp-content\/uploads\/2018\/02\/tinta-glitter-detalle-100x100.jpg 100w, http:\/\/artesgraficasmodernas.com.ar\/wp-content\/uploads\/2018\/02\/tinta-glitter-detalle.jpg 200w\" sizes=\"auto, (max-width: 150px) 100vw, 150px\" \/><\/a><\/p>\n<p>[\/vc_column_text][vc_empty_space][vc_column_text]<\/p>\n<p style=\"text-align: center;\"><span style=\"font-size: 12px;\">GLITTER<\/span><\/p>\n<p>[\/vc_column_text][\/vc_column_inner][vc_column_inner width=&#8221;1\/3&#8243;][vc_column_text]<a href=\"http:\/\/artesgraficasmodernas.com.ar\/wp-content\/uploads\/2018\/02\/Luminiscente.jpg\"><img loading=\"lazy\" decoding=\"async\" class=\"aligncenter wp-image-6189 size-thumbnail\" src=\"http:\/\/artesgraficasmodernas.com.ar\/wp-content\/uploads\/2018\/02\/Luminiscente-detalle-150x150.jpg\" alt=\"\" width=\"150\" height=\"150\" srcset=\"http:\/\/artesgraficasmodernas.com.ar\/wp-content\/uploads\/2018\/02\/Luminiscente-detalle-150x150.jpg 150w, http:\/\/artesgraficasmodernas.com.ar\/wp-content\/uploads\/2018\/02\/Luminiscente-detalle-100x100.jpg 100w, http:\/\/artesgraficasmodernas.com.ar\/wp-content\/uploads\/2018\/02\/Luminiscente-detalle.jpg 200w\" sizes=\"auto, (max-width: 150px) 100vw, 150px\" \/><\/a>[\/vc_column_text][vc_empty_space][vc_column_text]<\/p>\n<p style=\"text-align: center;\"><span style=\"font-size: 12px;\">LUMINISCENTE<\/span><\/p>\n<p>[\/vc_column_text][\/vc_column_inner][\/vc_row_inner][vc_row_inner gap=&#8221;30&#8243;][vc_column_inner width=&#8221;1\/3&#8243;][vc_column_text]<a href=\"http:\/\/artesgraficasmodernas.com.ar\/wp-content\/uploads\/2018\/05\/icemio_large.jpg\"><img loading=\"lazy\" decoding=\"async\" class=\"aligncenter wp-image-7067 size-full\" src=\"http:\/\/artesgraficasmodernas.com.ar\/wp-content\/uploads\/2018\/04\/termocromatico-detalle-150x150.png\" alt=\"Etiqueta autoadhesiva con tinta termocrom\u00e1tica que reacciona al cambio de temperatura.\" width=\"150\" height=\"150\" srcset=\"http:\/\/artesgraficasmodernas.com.ar\/wp-content\/uploads\/2018\/04\/termocromatico-detalle-150x150.png 150w, http:\/\/artesgraficasmodernas.com.ar\/wp-content\/uploads\/2018\/04\/termocromatico-detalle-150x150-100x100.png 100w\" sizes=\"auto, (max-width: 150px) 100vw, 150px\" \/><\/a>[\/vc_column_text][vc_empty_space][vc_column_text]<\/p>\n<p style=\"text-align: center;\"><span style=\"font-size: 12px;\">TERMOCROM\u00c1TICA<\/span><\/p>\n<p>[\/vc_column_text][\/vc_column_inner][vc_column_inner width=&#8221;1\/3&#8243;][vc_column_text]<a href=\"http:\/\/artesgraficasmodernas.com.ar\/wp-content\/uploads\/2018\/02\/Etiqueta-con-tinta-Braille.jpg\"><img loading=\"lazy\" decoding=\"async\" class=\"aligncenter wp-image-6413 size-thumbnail\" src=\"http:\/\/artesgraficasmodernas.com.ar\/wp-content\/uploads\/2018\/02\/Etiqueta-con-tinta-Braille-detalle-2-150x150.jpg\" alt=\"\" width=\"150\" height=\"150\" srcset=\"http:\/\/artesgraficasmodernas.com.ar\/wp-content\/uploads\/2018\/02\/Etiqueta-con-tinta-Braille-detalle-2-150x150.jpg 150w, http:\/\/artesgraficasmodernas.com.ar\/wp-content\/uploads\/2018\/02\/Etiqueta-con-tinta-Braille-detalle-2-100x100.jpg 100w, http:\/\/artesgraficasmodernas.com.ar\/wp-content\/uploads\/2018\/02\/Etiqueta-con-tinta-Braille-detalle-2.jpg 200w\" sizes=\"auto, (max-width: 150px) 100vw, 150px\" \/><\/a>[\/vc_column_text][vc_empty_space][vc_column_text]<\/p>\n<p style=\"text-align: center;\"><span style=\"font-size: 12px;\">BRAILLE<\/span><\/p>\n<p>[\/vc_column_text][\/vc_column_inner][\/vc_row_inner][\/vc_column][\/vc_row][vc_row][vc_column][vc_separator][\/vc_column][\/vc_row][vc_row][vc_column width=&#8221;1\/2&#8243;][vc_column_text]<\/p>\n<div class=\"nz-column-text nz-clearfix element-animate-false\" data-effect=\"none\" data-effect-speed=\"50\">\n<h3>Terminaciones<\/h3>\n<\/div>\n<p>[\/vc_column_text][vc_empty_space height=&#8221;20px&#8221;][vc_separator align=&#8221;align_left&#8221; border_width=&#8221;3&#8243; el_width=&#8221;20&#8243;][vc_column_text]<\/p>\n<ul>\n<li style=\"text-align: left; color: #000000;\"><span style=\"font-size: 16px;\">Barnices (gloss o mate, total o sectorizado)<\/span><\/li>\n<li style=\"text-align: left; color: #000000;\"><span style=\"font-size: 16px;\">Laminados (brillante o mate)<\/span><\/li>\n<li style=\"text-align: left; color: #000000;\"><span style=\"font-size: 16px;\">Stamping (metalizados, hologr\u00e1ficos, tornasolado)<\/span><\/li>\n<li style=\"text-align: left; color: #000000;\"><span style=\"font-size: 16px;\">Embosados (relieves, texturas)<\/span><\/li>\n<li style=\"text-align: left; color: #000000;\"><span style=\"font-size: 16px;\">Troquelados especiales<\/span><\/li>\n<li style=\"text-align: left; color: #000000;\"><span style=\"font-size: 16px;\">Inserci\u00f3n de hojas para la realizaci\u00f3n de etiquetas multip\u00e1gina<\/span><\/li>\n<\/ul>\n<p>[\/vc_column_text][\/vc_column][vc_column width=&#8221;1\/2&#8243;][vc_row_inner gap=&#8221;30&#8243;][vc_column_inner width=&#8221;1\/3&#8243;][vc_column_text]<a href=\"http:\/\/artesgraficasmodernas.com.ar\/wp-content\/uploads\/2018\/02\/embosados.jpg\"><img loading=\"lazy\" decoding=\"async\" class=\"aligncenter wp-image-6181 size-thumbnail\" src=\"http:\/\/artesgraficasmodernas.com.ar\/wp-content\/uploads\/2018\/02\/embosados-detalle-150x150.jpg\" alt=\"\" width=\"150\" height=\"150\" srcset=\"http:\/\/artesgraficasmodernas.com.ar\/wp-content\/uploads\/2018\/02\/embosados-detalle-150x150.jpg 150w, http:\/\/artesgraficasmodernas.com.ar\/wp-content\/uploads\/2018\/02\/embosados-detalle-100x100.jpg 100w, http:\/\/artesgraficasmodernas.com.ar\/wp-content\/uploads\/2018\/02\/embosados-detalle.jpg 200w\" sizes=\"auto, (max-width: 150px) 100vw, 150px\" \/><\/a>[\/vc_column_text][vc_empty_space height=&#8221;10px&#8221;][vc_column_text]<\/p>\n<p style=\"text-align: center;\"><span style=\"font-size: 12px;\">EMBOZADO<\/span><\/p>\n<p>[\/vc_column_text][\/vc_column_inner][vc_column_inner width=&#8221;1\/3&#8243;][vc_column_text]<a href=\"http:\/\/artesgraficasmodernas.com.ar\/wp-content\/uploads\/2018\/02\/stamping-holografico.jpg\"><img loading=\"lazy\" decoding=\"async\" class=\"aligncenter wp-image-6252 size-thumbnail\" src=\"http:\/\/artesgraficasmodernas.com.ar\/wp-content\/uploads\/2018\/02\/stamping-holografico-detalle-150x150.jpg\" alt=\"\" width=\"150\" height=\"150\" srcset=\"http:\/\/artesgraficasmodernas.com.ar\/wp-content\/uploads\/2018\/02\/stamping-holografico-detalle-150x150.jpg 150w, http:\/\/artesgraficasmodernas.com.ar\/wp-content\/uploads\/2018\/02\/stamping-holografico-detalle-100x100.jpg 100w, http:\/\/artesgraficasmodernas.com.ar\/wp-content\/uploads\/2018\/02\/stamping-holografico-detalle.jpg 200w\" sizes=\"auto, (max-width: 150px) 100vw, 150px\" \/><\/a>[\/vc_column_text][vc_empty_space height=&#8221;10px&#8221;][vc_column_text]<\/p>\n<p style=\"text-align: center;\"><span style=\"font-size: 12px;\">STAMPING HOLOGR\u00c1FICO<\/span><\/p>\n<p>[\/vc_column_text][\/vc_column_inner][vc_column_inner width=&#8221;1\/3&#8243;][vc_column_text]<a href=\"http:\/\/artesgraficasmodernas.com.ar\/wp-content\/uploads\/2018\/02\/urban.jpg\"><img loading=\"lazy\" decoding=\"async\" class=\"aligncenter wp-image-6209 size-thumbnail\" src=\"http:\/\/artesgraficasmodernas.com.ar\/wp-content\/uploads\/2018\/02\/urban-detalle-150x150.jpg\" alt=\"\" width=\"150\" height=\"150\" srcset=\"http:\/\/artesgraficasmodernas.com.ar\/wp-content\/uploads\/2018\/02\/urban-detalle-150x150.jpg 150w, http:\/\/artesgraficasmodernas.com.ar\/wp-content\/uploads\/2018\/02\/urban-detalle-100x100.jpg 100w, http:\/\/artesgraficasmodernas.com.ar\/wp-content\/uploads\/2018\/02\/urban-detalle.jpg 200w\" sizes=\"auto, (max-width: 150px) 100vw, 150px\" \/><\/a>[\/vc_column_text][vc_empty_space height=&#8221;10px&#8221;][vc_column_text]<\/p>\n<p style=\"text-align: center;\"><span style=\"font-size: 12px;\">TROQUELADOS INTERNOS<\/span><\/p>\n<p>[\/vc_column_text][\/vc_column_inner][\/vc_row_inner][\/vc_column][\/vc_row]<\/p>\n","protected":false},"excerpt":{"rendered":"<p>Claritas est etiam processus dynamicus, qui sequitur mutationem consuetudium lectorum. Mirum est notare quam littera gothica, quam nunc putamus parum claram, anteposuerit litterarum formas humanitatis per seacula quarta decima et quinta decima. Eodem modo typi, qui nunc nobis videntur parum clari, fiant sollemnes in futurum.<\/p>\n","protected":false},"author":1,"featured_media":0,"parent":0,"menu_order":0,"comment_status":"closed","ping_status":"closed","template":"page-vc.php","meta":{"om_disable_all_campaigns":false,"_monsterinsights_skip_tracking":false,"_monsterinsights_sitenote_active":false,"_monsterinsights_sitenote_note":"","_monsterinsights_sitenote_category":0,"footnotes":""},"class_list":["post-4959","page","type-page","status-publish","hentry"],"_links":{"self":[{"href":"http:\/\/artesgraficasmodernas.com.ar\/index.php\/wp-json\/wp\/v2\/pages\/4959","targetHints":{"allow":["GET"]}}],"collection":[{"href":"http:\/\/artesgraficasmodernas.com.ar\/index.php\/wp-json\/wp\/v2\/pages"}],"about":[{"href":"http:\/\/artesgraficasmodernas.com.ar\/index.php\/wp-json\/wp\/v2\/types\/page"}],"author":[{"embeddable":true,"href":"http:\/\/artesgraficasmodernas.com.ar\/index.php\/wp-json\/wp\/v2\/users\/1"}],"replies":[{"embeddable":true,"href":"http:\/\/artesgraficasmodernas.com.ar\/index.php\/wp-json\/wp\/v2\/comments?post=4959"}],"version-history":[{"count":53,"href":"http:\/\/artesgraficasmodernas.com.ar\/index.php\/wp-json\/wp\/v2\/pages\/4959\/revisions"}],"predecessor-version":[{"id":7446,"href":"http:\/\/artesgraficasmodernas.com.ar\/index.php\/wp-json\/wp\/v2\/pages\/4959\/revisions\/7446"}],"wp:attachment":[{"href":"http:\/\/artesgraficasmodernas.com.ar\/index.php\/wp-json\/wp\/v2\/media?parent=4959"}],"curies":[{"name":"wp","href":"https:\/\/api.w.org\/{rel}","templated":true}]}}