{"id":4717,"date":"2017-10-15T03:57:10","date_gmt":"2017-10-15T03:57:10","guid":{"rendered":"http:\/\/artesgraficasmodernas.com.ar\/?page_id=4717"},"modified":"2018-05-17T23:03:00","modified_gmt":"2018-05-17T23:03:00","slug":"produc-materiales","status":"publish","type":"page","link":"http:\/\/artesgraficasmodernas.com.ar\/index.php\/produc-materiales\/","title":{"rendered":"Nuestros Productos Materiales"},"content":{"rendered":"<p>[vc_row background_image=&#8221;6982&#8243; padding_top=&#8221;125&#8243; padding_bottom=&#8221;125&#8243;][vc_column][vc_custom_heading text=&#8221;PRODUCTOS&#8221; font_container=&#8221;tag:h2|font_size:45|text_align:center|color:%23ffffff&#8221; use_theme_fonts=&#8221;yes&#8221;][\/vc_column][\/vc_row][vc_row background_color=&#8221;#ffd323&#8243; padding_bottom=&#8221;0&#8243;][vc_column][vc_custom_heading text=&#8221;DIVISI\u00d3N MATERIALES&#8221; font_container=&#8221;tag:h2|font_size:30px|text_align:center|color:%23ffffff|line_height:30px&#8221; use_theme_fonts=&#8221;yes&#8221;]<div class=\"sep-wrap element-animate element-animate-false center nz-clearfix\" data-effect=\"none\"><div class=\"nz-separator solid\" style=\"border-bottom-color:#eabe3f;width:50px;border-bottom-width:1px;border-bottom-style:solid;margin-top:15px;margin-bottom:2px;\">&nbsp;<\/div><\/div><div class=\"sep-wrap element-animate element-animate-false center nz-clearfix\" data-effect=\"none\"><div class=\"nz-separator solid\" style=\"border-bottom-color:#c0c0c0;width:100px;border-bottom-width:1px;border-bottom-style:solid;margin-bottom:2px;\">&nbsp;<\/div><\/div><div class=\"sep-wrap element-animate element-animate-false center nz-clearfix\" data-effect=\"none\"><div class=\"nz-separator solid\" style=\"border-bottom-color:#ffffff;width:50px;border-bottom-width:1px;border-bottom-style:solid;\">&nbsp;<\/div><\/div>[\/vc_column][\/vc_row][vc_row padding_top=&#8221;40&#8243; padding_bottom=&#8221;10&#8243;][vc_column width=&#8221;1\/4&#8243;][\/vc_column][vc_column width=&#8221;1\/4&#8243; effect=&#8221;fade-left&#8221;][vc_column_text]<\/p>\n<h4 style=\"text-align: center;\"><span class=\"nz-icon none medium icon-printer animate-true\" style=\"color: #ffd323 !important;;\"><\/span><span style=\"color: #ffd323 !important;\"> <a style=\"color: #ffd323 !important;\" href=\"http:\/\/artesgraficasmodernas.com.ar\/index.php\/tecnologia-materiales\/\">Tecnolog\u00eda<\/a><\/span><\/h4>\n<p>[\/vc_column_text][\/vc_column][vc_column width=&#8221;1\/4&#8243; effect=&#8221;fade-left&#8221;][vc_column_text]<\/p>\n<h4 style=\"text-align: center;\"><span class=\"nz-icon none medium icon-printer animate-false\" style=\"color: #ffd323 !important;;\"><\/span> <span style=\"color: #ffd323 !important;\">Productos<\/span><\/h4>\n<p>[\/vc_column_text][\/vc_column][vc_column width=&#8221;1\/4&#8243;][\/vc_column][\/vc_row][vc_row][vc_column][vc_separator css=&#8221;.vc_custom_1525809845742{margin-bottom: 0px !important;}&#8221;][\/vc_column][\/vc_row][vc_row][vc_column width=&#8221;1\/2&#8243; effect=&#8221;fade-left&#8221;][vc_images_carousel images=&#8221;6674,6673,6672,6671&#8243; img_size=&#8221;500&#215;350&#8243; onclick=&#8221;link_no&#8221; speed=&#8221;1500&#8243; autoplay=&#8221;yes&#8221;][\/vc_column][vc_column width=&#8221;1\/2&#8243; effect=&#8221;fade-right&#8221;][vc_column_text]<\/p>\n<p style=\"text-align: left;\"><span style=\"font-size: 18px; color: #000000;\">Nuestra amplia gama de materiales aceptan los m\u00e1s variados sistemas de impresi\u00f3n (flexograf\u00eda, letterpress, offset, huecograbado, serigraf\u00eda) y las m\u00e1s sofisticadas y combinadas terminaciones (stamping, relieve, laca, barniz, troquelado, etc.).<\/span><\/p>\n<p>[\/vc_column_text][\/vc_column][\/vc_row][vc_row padding_top=&#8221;0&#8243; padding_bottom=&#8221;0&#8243;][vc_column effect=&#8221;fade-left&#8221;][vc_separator][vc_column_text]<\/p>\n<h3>Frontales<\/h3>\n<p>[\/vc_column_text][vc_empty_space][vc_column_text]<span style=\"font-size: 18px;\">AGM trabaja con una amplia variedad de materiales:<\/span>[\/vc_column_text][vc_row_inner][vc_column_inner width=&#8221;1\/2&#8243;]<ul class=\"nz-i-list circle\"><li><div><span class=\"icon icon-checkmark\" style=\"color:#ffffff;background-color:#ffd323;\"><\/span><\/div><div>Papeles<\/div><\/li><li><div><span class=\"icon icon-checkmark\" style=\"color:#ffffff;background-color:#ffd323;\"><\/span><\/div><div>Polipropileno<\/div><\/li><li><div><span class=\"icon icon-checkmark\" style=\"color:#ffffff;background-color:#ffd323;\"><\/span><\/div><div>Polietileno<\/div><\/li><\/ul>[\/vc_column_inner][vc_column_inner width=&#8221;1\/2&#8243;]<ul class=\"nz-i-list circle\"><li><div><span class=\"icon icon-checkmark\" style=\"color:#ffffff;background-color:#ffd323;\"><\/span><\/div><div>Poliestireno<\/div><\/li><li><div><span class=\"icon icon-checkmark\" style=\"color:#ffffff;background-color:#ffd323;\"><\/span><\/div><div>Poli\u00e9ster<\/div><\/li><\/ul>[\/vc_column_inner][\/vc_row_inner][vc_empty_space height=&#8221;10px&#8221;][vc_column_text]<span style=\"color: #000000;\"><span style=\"font-size: 18px;\">Los frontales (face stock) de AGM son seleccionados para cubrir las diferentes industrias.<br \/>\n<\/span><span style=\"font-size: 18px;\">Disponemos de frontales: brillo o mate, blancos, transparentes, non look label, texturados, metalizados, hologr\u00e1ficos e iridiscentes. Asimismo c<\/span><span style=\"font-size: 18px;\">ontamos con materiales desarrollados exclusivamente para la industria Vitivin\u00edcola.<\/span><\/span>[\/vc_column_text][vc_empty_space height=&#8221;10px&#8221;][vc_row_inner][vc_column_inner][vc_column_text]<span style=\"color: #000000;\"><span style=\"font-size: 18px;\"> Nuestros papeles enol\u00f3gicos cuentan con:<\/span><\/span>[\/vc_column_text][\/vc_column_inner][\/vc_row_inner][vc_empty_space][vc_row_inner][vc_column_inner width=&#8221;1\/4&#8243;]<ul class=\"nz-i-list circle\"><li><div><span class=\"icon icon-checkmark\" style=\"color:#ffffff;background-color:#ffd323;\"><\/span><\/div><div>Tratamiento Wet Strength (otorga mayor resistencia al agua)<\/div><\/li><\/ul>[\/vc_column_inner][vc_column_inner width=&#8221;1\/4&#8243;]<ul class=\"nz-i-list circle\"><li><div><span class=\"icon icon-checkmark\" style=\"color:#ffffff;background-color:#ffd323;\"><\/span><\/div><div>Tratamiento REH (resistente al estado h\u00famedo, para evitar problemas de desgarro del papel durante el etiquetado por v\u00eda h\u00fameda y minimizar la degradaci\u00f3n de la etiqueta durante fricciones sobre cadena de embotellado en atm\u00f3sfera h\u00fameda).<\/div><\/li><\/ul>[\/vc_column_inner][vc_column_inner width=&#8221;1\/4&#8243;]<ul class=\"nz-i-list circle\"><li><div><span class=\"icon icon-checkmark\" style=\"color:#ffffff;background-color:#ffd323;\"><\/span><\/div><div>Tratamiento Anticriptog\u00e1mico (evita la proliferaci\u00f3n de hongos en la bodega).<\/div><\/li><\/ul>[\/vc_column_inner][vc_column_inner width=&#8221;1\/4&#8243;]<ul class=\"nz-i-list circle\"><li><div><span class=\"icon icon-checkmark\" style=\"color:#ffffff;background-color:#ffd323;\"><\/span><\/div><div>Inhibici\u00f3n de moho<\/div><\/li><\/ul>[\/vc_column_inner][\/vc_row_inner][\/vc_column][\/vc_row][vc_row padding_top=&#8221;0&#8243; padding_bottom=&#8221;0&#8243;][vc_column effect=&#8221;fade-left&#8221;][vc_separator][vc_column_text]<\/p>\n<h3>Adhesivos<\/h3>\n<p>[\/vc_column_text][vc_empty_space][vc_row_inner][vc_column_inner width=&#8221;1\/2&#8243;]<ul class=\"nz-i-list circle\"><li><div><span class=\"icon icon-checkmark\" style=\"color:#ffffff;background-color:#ffd323;\"><\/span><\/div><div>PSA acr\u00edlico base acuosa<\/div><\/li><\/ul>[\/vc_column_inner][vc_column_inner width=&#8221;1\/2&#8243;]<ul class=\"nz-i-list circle\"><li><div><span class=\"icon icon-checkmark\" style=\"color:#ffffff;background-color:#ffd323;\"><\/span><\/div><div>Hot Melt<\/div><\/li><\/ul>[\/vc_column_inner][\/vc_row_inner][vc_empty_space][vc_column_text]<\/p>\n<p style=\"text-align: left;\"><span style=\"font-size: 18px; color: #000000;\">Nuestros Adhesivos PSA, acr\u00edlicos base acuosa, est\u00e1n seleccionados de acuerdo a las distintas necesidades de cada mercado.<\/span><\/p>\n<p>[\/vc_column_text][vc_empty_space height=&#8221;10px&#8221;][vc_row_inner][vc_column_inner width=&#8221;1\/2&#8243;]<ul class=\"nz-i-list circle\"><li><div><span class=\"icon icon-checkmark\" style=\"color:#ffffff;background-color:#ffd323;\"><\/span><\/div><div>Semi Permanentes<\/div><\/li><li><div><span class=\"icon icon-checkmark\" style=\"color:#ffffff;background-color:#ffd323;\"><\/span><\/div><div>Reposicionables<\/div><\/li><li><div><span class=\"icon icon-checkmark\" style=\"color:#ffffff;background-color:#ffd323;\"><\/span><\/div><div>Apto contacto con la piel<\/div><\/li><li><div><span class=\"icon icon-checkmark\" style=\"color:#ffffff;background-color:#ffd323;\"><\/span><\/div><div>Resistencia a la Humedad<\/div><\/li><\/ul>[\/vc_column_inner][vc_column_inner width=&#8221;1\/2&#8243;]<ul class=\"nz-i-list circle\"><li><div><span class=\"icon icon-checkmark\" style=\"color:#ffffff;background-color:#ffd323;\"><\/span><\/div><div>Resistencia a la Humedad<\/div><\/li><li><div><span class=\"icon icon-checkmark\" style=\"color:#ffffff;background-color:#ffd323;\"><\/span><\/div><div>Wash off<\/div><\/li><li><div><span class=\"icon icon-checkmark\" style=\"color:#ffffff;background-color:#ffd323;\"><\/span><\/div><div>Emblanquemiento<\/div><\/li><\/ul>[\/vc_column_inner][\/vc_row_inner][\/vc_column][\/vc_row][vc_row padding_top=&#8221;0&#8243; padding_bottom=&#8221;0&#8243;][vc_column effect=&#8221;fade-left&#8221;][vc_separator][vc_column_text]<\/p>\n<h3>Soporte<\/h3>\n<p>[\/vc_column_text][vc_empty_space][vc_row_inner][vc_column_inner width=&#8221;1\/3&#8243;]<ul class=\"nz-i-list circle\"><li><div><span class=\"icon icon-checkmark\" style=\"color:#ffffff;background-color:#ffd323;\"><\/span><\/div><div>Papel<\/div><\/li><\/ul>[\/vc_column_inner][vc_column_inner width=&#8221;1\/3&#8243;]<ul class=\"nz-i-list circle\"><li><div><span class=\"icon icon-checkmark\" style=\"color:#ffffff;background-color:#ffd323;\"><\/span><\/div><div>Polipropileno<\/div><\/li><\/ul>[\/vc_column_inner][vc_column_inner width=&#8221;1\/3&#8243;]<ul class=\"nz-i-list circle\"><li><div><span class=\"icon icon-checkmark\" style=\"color:#ffffff;background-color:#ffd323;\"><\/span><\/div><div>Poli\u00e9ster<\/div><\/li><\/ul>[\/vc_column_inner][\/vc_row_inner][vc_empty_space][vc_column_text]<\/p>\n<p style=\"text-align: left;\"><span style=\"font-size: 18px; color: #000000;\">Siliconamos papeles y pel\u00edculas pl\u00e1sticas, con diferentes caracter\u00edsticas seg\u00fan los usos deseados, y la resistencia a la tracci\u00f3n, gramajes y espesores requeridos.<\/span><\/p>\n<p style=\"text-align: left;\"><span style=\"font-size: 18px; color: #000000;\">Confeccionamos el material con Soporte (liner) acorde al tipo de etiqueta que se va a realizar (con relieve, pespunte, tintas especiales, etc.), a la m\u00e1quina impresora y a la l\u00ednea de etiquetado de cada cliente.<\/span><\/p>\n<p>[\/vc_column_text][\/vc_column][\/vc_row][vc_row background_color=&#8221;#ffd323&#8243; padding_top=&#8221;50&#8243; padding_bottom=&#8221;0&#8243;][vc_column effect=&#8221;fade-top&#8221;][vc_custom_heading text=&#8221;MATERIALES AUTOADHESIVOS&#8221; font_container=&#8221;tag:h2|font_size:30px|text_align:center|color:%23ffffff|line_height:30px&#8221; use_theme_fonts=&#8221;yes&#8221;]<div class=\"sep-wrap element-animate element-animate-false center nz-clearfix\" data-effect=\"none\"><div class=\"nz-separator solid\" style=\"border-bottom-color:#eabe3f;width:50px;border-bottom-width:1px;border-bottom-style:solid;margin-top:15px;margin-bottom:2px;\">&nbsp;<\/div><\/div><div class=\"sep-wrap element-animate element-animate-false center nz-clearfix\" data-effect=\"none\"><div class=\"nz-separator solid\" style=\"border-bottom-color:#c0c0c0;width:100px;border-bottom-width:1px;border-bottom-style:solid;margin-bottom:2px;\">&nbsp;<\/div><\/div><div class=\"sep-wrap element-animate element-animate-false center nz-clearfix\" data-effect=\"none\"><div class=\"nz-separator solid\" style=\"border-bottom-color:#ffffff;width:50px;border-bottom-width:1px;border-bottom-style:solid;margin-bottom:20px;\">&nbsp;<\/div><\/div>[\/vc_column][\/vc_row][vc_row padding_left=&#8221;200&#8243;][vc_column width=&#8221;1\/3&#8243; effect=&#8221;fade-left&#8221;][vc_column_text]<span style=\"color: #000000;\"><strong>Papeles estucados:<br \/>\n<\/strong><\/span>[\/vc_column_text]<ul class=\"nz-i-list circle\"><li><div><span class=\"icon icon-checkmark\" style=\"color:#ffffff;background-color:#ffd323;\"><\/span><\/div><div>ZAPPYcote<\/div><\/li><li><div><span class=\"icon icon-checkmark\" style=\"color:#ffffff;background-color:#ffd323;\"><\/span><\/div><div>ZAPPYgloss<\/div><\/li><li><div><span class=\"icon icon-checkmark\" style=\"color:#ffffff;background-color:#ffd323;\"><\/span><\/div><div>ZAPPYhigh gloss<\/div><\/li><\/ul>[vc_column_text]<span style=\"color: #000000;\"><strong>Papeles Naturales y Gofrados:<br \/>\n<\/strong><\/span>[\/vc_column_text]<ul class=\"nz-i-list circle\"><li><div><span class=\"icon icon-checkmark\" style=\"color:#ffffff;background-color:#ffd323;\"><\/span><\/div><div>ZAPPYego<\/div><\/li><li><div><span class=\"icon icon-checkmark\" style=\"color:#ffffff;background-color:#ffd323;\"><\/span><\/div><div>ZAPPYego gofrado ondas<\/div><\/li><li><div><span class=\"icon icon-checkmark\" style=\"color:#ffffff;background-color:#ffd323;\"><\/span><\/div><div>ZAPPYline<\/div><\/li><li><div><span class=\"icon icon-checkmark\" style=\"color:#ffffff;background-color:#ffd323;\"><\/span><\/div><div>ZAPPYverg\u00e9 cl\u00e1sico<\/div><\/li><li><div><span class=\"icon icon-checkmark\" style=\"color:#ffffff;background-color:#ffd323;\"><\/span><\/div><div>ZAPPYmartel\u00e9 cl\u00e1sico<\/div><\/li><li><div><span class=\"icon icon-checkmark\" style=\"color:#ffffff;background-color:#ffd323;\"><\/span><\/div><div>ZAPPYmartel\u00e9 blanco<\/div><\/li><li><div><span class=\"icon icon-checkmark\" style=\"color:#ffffff;background-color:#ffd323;\"><\/span><\/div><div>ZAPPYmartel\u00e9 crema<\/div><\/li><li><div><span class=\"icon icon-checkmark\" style=\"color:#ffffff;background-color:#ffd323;\"><\/span><\/div><div>ZAPPYcosmo silver dot<\/div><\/li><\/ul>[\/vc_column][vc_column width=&#8221;1\/3&#8243; effect=&#8221;fade-top&#8221;][vc_column_text]<span style=\"color: #000000;\"><strong>Polipropileno:<br \/>\n<\/strong><\/span>[\/vc_column_text]<ul class=\"nz-i-list circle\"><li><div><span class=\"icon icon-checkmark\" style=\"color:#ffffff;background-color:#ffd323;\"><\/span><\/div><div>ZAPPYlite<\/div><\/li><li><div><span class=\"icon icon-checkmark\" style=\"color:#ffffff;background-color:#ffd323;\"><\/span><\/div><div>ZAPPYglass<\/div><\/li><li><div><span class=\"icon icon-checkmark\" style=\"color:#ffffff;background-color:#ffd323;\"><\/span><\/div><div>ZAPPYlam brillante<\/div><\/li><li><div><span class=\"icon icon-checkmark\" style=\"color:#ffffff;background-color:#ffd323;\"><\/span><\/div><div>ZAPPYlam mate<\/div><\/li><li><div><span class=\"icon icon-checkmark\" style=\"color:#ffffff;background-color:#ffd323;\"><\/span><\/div><div>ZAPPYmet<\/div><\/li><li><div><span class=\"icon icon-checkmark\" style=\"color:#ffffff;background-color:#ffd323;\"><\/span><\/div><div>ZAPPYmet lite<\/div><\/li><li><div><span class=\"icon icon-checkmark\" style=\"color:#ffffff;background-color:#ffd323;\"><\/span><\/div><div>ZAPPYholo<\/div><\/li><li><div><span class=\"icon icon-checkmark\" style=\"color:#ffffff;background-color:#ffd323;\"><\/span><\/div><div>ZAPPYsoft PP<\/div><\/li><li><div><span class=\"icon icon-checkmark\" style=\"color:#ffffff;background-color:#ffd323;\"><\/span><\/div><div>ZAPPYmet glass<\/div><\/li><\/ul>[vc_column_text]<span style=\"color: #000000;\"><strong>Polietileno:<br \/>\n<\/strong><\/span>[\/vc_column_text]<ul class=\"nz-i-list circle\"><li><div><span class=\"icon icon-checkmark\" style=\"color:#ffffff;background-color:#ffd323;\"><\/span><\/div><div>ZAPPYexact blanco<\/div><\/li><li><div><span class=\"icon icon-checkmark\" style=\"color:#ffffff;background-color:#ffd323;\"><\/span><\/div><div>ZAPPYexact transparente<\/div><\/li><li><div><span class=\"icon icon-checkmark\" style=\"color:#ffffff;background-color:#ffd323;\"><\/span><\/div><div>ZAPPYexact metalizado<\/div><\/li><li><div><span class=\"icon icon-checkmark\" style=\"color:#ffffff;background-color:#ffd323;\"><\/span><\/div><div>ZAPPYsoft PE<\/div><\/li><li><div><span class=\"icon icon-checkmark\" style=\"color:#ffffff;background-color:#ffd323;\"><\/span><\/div><div>ZAPPYart<\/div><\/li><\/ul>[\/vc_column][vc_column width=&#8221;1\/3&#8243; effect=&#8221;fade-right&#8221;][vc_column_text]<span style=\"color: #000000;\"><strong>Poliestireno:<br \/>\n<\/strong><\/span>[\/vc_column_text]<ul class=\"nz-i-list circle\"><li><div><span class=\"icon icon-checkmark\" style=\"color:#ffffff;background-color:#ffd323;\"><\/span><\/div><div>ZAPPYflex<\/div><\/li><li><div><span class=\"icon icon-checkmark\" style=\"color:#ffffff;background-color:#ffd323;\"><\/span><\/div><div>ZAPPYpai<\/div><\/li><\/ul>[vc_column_text]<span style=\"color: #000000;\"><strong>Poli\u00e9ster:<br \/>\n<\/strong><\/span>[\/vc_column_text]<ul class=\"nz-i-list circle\"><li><div><span class=\"icon icon-checkmark\" style=\"color:#ffffff;background-color:#ffd323;\"><\/span><\/div><div>ZAPPYpet<\/div><\/li><\/ul>[vc_column_text]<span style=\"color: #000000;\"><strong>Especiales:<br \/>\n<\/strong><\/span>[\/vc_column_text]<ul class=\"nz-i-list circle\"><li><div><span class=\"icon icon-checkmark\" style=\"color:#ffffff;background-color:#ffd323;\"><\/span><\/div><div>ZAPPYtwo<\/div><\/li><li><div><span class=\"icon icon-checkmark\" style=\"color:#ffffff;background-color:#ffd323;\"><\/span><\/div><div>ZAPPYtwo plus<\/div><\/li><li><div><span class=\"icon icon-checkmark\" style=\"color:#ffffff;background-color:#ffd323;\"><\/span><\/div><div>ZAPPYbag<\/div><\/li><li><div><span class=\"icon icon-checkmark\" style=\"color:#ffffff;background-color:#ffd323;\"><\/span><\/div><div>ZAPPYtag<\/div><\/li><li><div><span class=\"icon icon-checkmark\" style=\"color:#ffffff;background-color:#ffd323;\"><\/span><\/div><div>ZAPPYtransfy<\/div><\/li><li><div><span class=\"icon icon-checkmark\" style=\"color:#ffffff;background-color:#ffd323;\"><\/span><\/div><div>ZAPPYthree<\/div><\/li><li><div><span class=\"icon icon-checkmark\" style=\"color:#ffffff;background-color:#ffd323;\"><\/span><\/div><div>ZAPPYstick<\/div><\/li><li><div><span class=\"icon icon-checkmark\" style=\"color:#ffffff;background-color:#ffd323;\"><\/span><\/div><div>ZAPPYgloss met<\/div><\/li><\/ul>[\/vc_column][\/vc_row][vc_row background_color=&#8221;#ffd323&#8243; padding_top=&#8221;50&#8243; padding_bottom=&#8221;0&#8243;][vc_column effect=&#8221;fade-top&#8221;][vc_custom_heading text=&#8221;MATERIALES SILICONADOS&#8221; font_container=&#8221;tag:h2|font_size:30px|text_align:center|color:%23ffffff|line_height:30px&#8221; use_theme_fonts=&#8221;yes&#8221;]<div class=\"sep-wrap element-animate element-animate-false center nz-clearfix\" data-effect=\"none\"><div class=\"nz-separator solid\" style=\"border-bottom-color:#eabe3f;width:50px;border-bottom-width:1px;border-bottom-style:solid;margin-top:15px;margin-bottom:2px;\">&nbsp;<\/div><\/div><div class=\"sep-wrap element-animate element-animate-false center nz-clearfix\" data-effect=\"none\"><div class=\"nz-separator solid\" style=\"border-bottom-color:#c0c0c0;width:100px;border-bottom-width:1px;border-bottom-style:solid;margin-bottom:2px;\">&nbsp;<\/div><\/div><div class=\"sep-wrap element-animate element-animate-false center nz-clearfix\" data-effect=\"none\"><div class=\"nz-separator solid\" style=\"border-bottom-color:#ffffff;width:50px;border-bottom-width:1px;border-bottom-style:solid;margin-bottom:20px;\">&nbsp;<\/div><\/div>[\/vc_column][\/vc_row][vc_row][vc_column width=&#8221;1\/4&#8243;][\/vc_column][vc_column width=&#8221;1\/4&#8243; effect=&#8221;fade-left&#8221;][vc_column_text]<span style=\"color: #000000;\"><strong>Papeles:<br \/>\n<\/strong><\/span>[\/vc_column_text]<ul class=\"nz-i-list circle\"><li><div><span class=\"icon icon-checkmark\" style=\"color:#ffffff;background-color:#ffd323;\"><\/span><\/div><div>Glassine<\/div><\/li><\/ul>[\/vc_column][vc_column width=&#8221;1\/4&#8243; effect=&#8221;fade-right&#8221;][vc_column_text]<span style=\"color: #000000;\"><strong>Pel\u00edculas:<\/strong><\/span>[\/vc_column_text]<ul class=\"nz-i-list circle\"><li><div><span class=\"icon icon-checkmark\" style=\"color:#ffffff;background-color:#ffd323;\"><\/span><\/div><div>BOPP<\/div><\/li><li><div><span class=\"icon icon-checkmark\" style=\"color:#ffffff;background-color:#ffd323;\"><\/span><\/div><div>PET<\/div><\/li><\/ul>[\/vc_column][vc_column width=&#8221;1\/4&#8243;][\/vc_column][\/vc_row][vc_row][vc_column][vc_separator align=&#8221;align_left&#8221; border_width=&#8221;3&#8243; el_width=&#8221;10&#8243;][vc_column_text]<img loading=\"lazy\" decoding=\"async\" class=\"alignleft wp-image-5327\" src=\"http:\/\/artesgraficasmodernas.com.ar\/wp-content\/uploads\/2017\/12\/Captura-de-pantalla-2017-12-27-a-las-8.07.33-AM.png\" alt=\"\" width=\"40\" height=\"45\" \/><\/p>\n<p><a href=\"http:\/\/artesgraficasmodernas.com.ar\/wp-content\/uploads\/2018\/02\/Beneficios-Liner-BOPP.pdf\" target=\"_blank\" rel=\"noopener\">Beneficios<br \/>\nLiner BOPP<\/a>[\/vc_column_text][\/vc_column][\/vc_row]<\/p>\n","protected":false},"excerpt":{"rendered":"<p>Claritas est etiam processus dynamicus, qui sequitur mutationem consuetudium lectorum. Mirum est notare quam littera gothica, quam nunc putamus parum claram, anteposuerit litterarum formas humanitatis per seacula quarta decima et quinta decima. Eodem modo typi, qui nunc nobis videntur parum clari, fiant sollemnes in futurum.<\/p>\n","protected":false},"author":1,"featured_media":0,"parent":0,"menu_order":0,"comment_status":"closed","ping_status":"closed","template":"page-vc.php","meta":{"om_disable_all_campaigns":false,"_monsterinsights_skip_tracking":false,"_monsterinsights_sitenote_active":false,"_monsterinsights_sitenote_note":"","_monsterinsights_sitenote_category":0,"footnotes":""},"class_list":["post-4717","page","type-page","status-publish","hentry"],"_links":{"self":[{"href":"http:\/\/artesgraficasmodernas.com.ar\/index.php\/wp-json\/wp\/v2\/pages\/4717","targetHints":{"allow":["GET"]}}],"collection":[{"href":"http:\/\/artesgraficasmodernas.com.ar\/index.php\/wp-json\/wp\/v2\/pages"}],"about":[{"href":"http:\/\/artesgraficasmodernas.com.ar\/index.php\/wp-json\/wp\/v2\/types\/page"}],"author":[{"embeddable":true,"href":"http:\/\/artesgraficasmodernas.com.ar\/index.php\/wp-json\/wp\/v2\/users\/1"}],"replies":[{"embeddable":true,"href":"http:\/\/artesgraficasmodernas.com.ar\/index.php\/wp-json\/wp\/v2\/comments?post=4717"}],"version-history":[{"count":61,"href":"http:\/\/artesgraficasmodernas.com.ar\/index.php\/wp-json\/wp\/v2\/pages\/4717\/revisions"}],"predecessor-version":[{"id":7441,"href":"http:\/\/artesgraficasmodernas.com.ar\/index.php\/wp-json\/wp\/v2\/pages\/4717\/revisions\/7441"}],"wp:attachment":[{"href":"http:\/\/artesgraficasmodernas.com.ar\/index.php\/wp-json\/wp\/v2\/media?parent=4717"}],"curies":[{"name":"wp","href":"https:\/\/api.w.org\/{rel}","templated":true}]}}